{"id":54972,"date":"2025-01-10T13:36:52","date_gmt":"2025-01-10T12:36:52","guid":{"rendered":"https:\/\/autotuning-shop.de\/shop\/produkt\/led-rueckleuchten-set-seat-ibiza-6j-3-tuerer-08-17-schwarz\/"},"modified":"2025-01-10T13:36:55","modified_gmt":"2025-01-10T12:36:55","slug":"led-rueckleuchten-set-seat-ibiza-6j-3-tuerer-08-17-schwarz","status":"publish","type":"product","link":"https:\/\/car-2.de\/shop\/produkt\/led-rueckleuchten-set-seat-ibiza-6j-3-tuerer-08-17-schwarz\/","title":{"rendered":"LED R\u00fcckleuchten Set Seat Ibiza 6J 3-T\u00fcrer  08-17 schwarz"},"content":{"rendered":"<p><span style=\"display: inline-block; width: 0px; overflow: hidden; line-height: 0;\" data-mce-type=\"bookmark\" class=\"mce_SELRES_start\">\ufeff<\/span><\/p>\n","protected":false},"excerpt":{"rendered":"<p>f\u00fcr Seat Ibiza 4 (6J)LED R\u00fcckleuchten f\u00fcr Seat Ibiza 6J 3 T\u00fcrerf\u00fcr Baujahr: 2008 bis 2017Farbe: schwarzmit E Pr\u00fcfzeichen (eintragungsfrei)links + rechts (Set)f\u00fcr Seat Ibiza 4 (6J)LED R\u00fcckleuchten f\u00fcr Seat Ibiza 6J 3 T\u00fcrerf\u00fcr Baujahr: 2008 bis 2017Farbe: schwarzmit E Pr\u00fcfzeichen (eintragungsfrei)links + rechts (Set)<\/p>\n","protected":false},"featured_media":54980,"comment_status":"closed","ping_status":"open","template":"","meta":[],"product_brand":[],"product_cat":[633,640],"product_tag":[],"class_list":{"0":"post-54972","1":"product","2":"type-product","3":"status-publish","4":"has-post-thumbnail","6":"product_cat-beleuchtung-tuning","7":"product_cat-rueckleuchten","8":"pa_kfz-hersteller-seat","9":"pa_kfz-modell-ibiza-4-6j","11":"first","12":"instock","13":"purchasable","14":"product-type-simple"},"_links":{"self":[{"href":"https:\/\/car-2.de\/shop\/wp-json\/wp\/v2\/product\/54972","targetHints":{"allow":["GET"]}}],"collection":[{"href":"https:\/\/car-2.de\/shop\/wp-json\/wp\/v2\/product"}],"about":[{"href":"https:\/\/car-2.de\/shop\/wp-json\/wp\/v2\/types\/product"}],"replies":[{"embeddable":true,"href":"https:\/\/car-2.de\/shop\/wp-json\/wp\/v2\/comments?post=54972"}],"wp:featuredmedia":[{"embeddable":true,"href":"https:\/\/car-2.de\/shop\/wp-json\/wp\/v2\/media\/54980"}],"wp:attachment":[{"href":"https:\/\/car-2.de\/shop\/wp-json\/wp\/v2\/media?parent=54972"}],"wp:term":[{"taxonomy":"product_brand","embeddable":true,"href":"https:\/\/car-2.de\/shop\/wp-json\/wp\/v2\/product_brand?post=54972"},{"taxonomy":"product_cat","embeddable":true,"href":"https:\/\/car-2.de\/shop\/wp-json\/wp\/v2\/product_cat?post=54972"},{"taxonomy":"product_tag","embeddable":true,"href":"https:\/\/car-2.de\/shop\/wp-json\/wp\/v2\/product_tag?post=54972"}],"curies":[{"name":"wp","href":"https:\/\/api.w.org\/{rel}","templated":true}]}}

LED Rückleuchten Set Seat Ibiza 6J 3-Türer  08-17 schwarz

<p>für Seat Ibiza 4 (6J)LED Rückleuchten für Seat Ibiza 6J 3 Türerfür Baujahr: 2008 bis 2017Farbe: schwarzmit E Prüfzeichen (eintragungsfrei)links + rechts (Set)für Seat Ibiza 4 (6J)LED Rückleuchten für Seat Ibiza 6J 3 Türerfür Baujahr: 2008 bis 2017Farbe: schwarzmit E Prüfzeichen (eintragungsfrei)links + rechts (Set)</p>
