{"id":54383,"date":"2025-01-02T02:16:22","date_gmt":"2025-01-02T01:16:22","guid":{"rendered":"https:\/\/autotuning-shop.de\/shop\/produkt\/led-rueckleuchten-set-bmw-1er-e87-e81-3-5-trg-04-07-rot-schwarz\/"},"modified":"2025-01-02T02:16:25","modified_gmt":"2025-01-02T01:16:25","slug":"led-rueckleuchten-set-bmw-1er-e87-e81-3-5-trg-04-07-rot-schwarz","status":"publish","type":"product","link":"https:\/\/car-2.de\/shop\/produkt\/led-rueckleuchten-set-bmw-1er-e87-e81-3-5-trg-04-07-rot-schwarz\/","title":{"rendered":"LED R\u00fcckleuchten Set BMW 1er E87\/E81 3\/5-trg.  04-07 rot\/schwarz"},"content":{"rendered":"<p><span style=\"display: inline-block; width: 0px; overflow: hidden; line-height: 0;\" data-mce-type=\"bookmark\" class=\"mce_SELRES_start\">\ufeff<\/span><\/p>\n","protected":false},"excerpt":{"rendered":"<p>f\u00fcr Baujahr: 2004 bis 2007Farbe: rot\/schwarzmit E Pr\u00fcfzeichen (eintragungsfrei)led R\u00fcckleuchten BMW 1er E81 E82 E87 E88links + rechts (Set)Top Qualit\u00e4t und Designf\u00fcr Baujahr: 2004 bis 2007Farbe: rot\/schwarzmit E Pr\u00fcfzeichen (eintragungsfrei)led R\u00fcckleuchten BMW 1er E81 E82 E87 E88links + rechts (Set)Top Qualit\u00e4t und Design<\/p>\n","protected":false},"featured_media":54384,"comment_status":"closed","ping_status":"open","template":"","meta":[],"product_brand":[],"product_cat":[633,640],"product_tag":[],"class_list":{"0":"post-54383","1":"product","2":"type-product","3":"status-publish","4":"has-post-thumbnail","6":"product_cat-beleuchtung-tuning","7":"product_cat-rueckleuchten","8":"pa_kfz-hersteller-bmw","9":"pa_kfz-modell-1er-e81-e82-e87-e88","11":"first","12":"instock","13":"purchasable","14":"product-type-simple"},"_links":{"self":[{"href":"https:\/\/car-2.de\/shop\/wp-json\/wp\/v2\/product\/54383","targetHints":{"allow":["GET"]}}],"collection":[{"href":"https:\/\/car-2.de\/shop\/wp-json\/wp\/v2\/product"}],"about":[{"href":"https:\/\/car-2.de\/shop\/wp-json\/wp\/v2\/types\/product"}],"replies":[{"embeddable":true,"href":"https:\/\/car-2.de\/shop\/wp-json\/wp\/v2\/comments?post=54383"}],"wp:featuredmedia":[{"embeddable":true,"href":"https:\/\/car-2.de\/shop\/wp-json\/wp\/v2\/media\/54384"}],"wp:attachment":[{"href":"https:\/\/car-2.de\/shop\/wp-json\/wp\/v2\/media?parent=54383"}],"wp:term":[{"taxonomy":"product_brand","embeddable":true,"href":"https:\/\/car-2.de\/shop\/wp-json\/wp\/v2\/product_brand?post=54383"},{"taxonomy":"product_cat","embeddable":true,"href":"https:\/\/car-2.de\/shop\/wp-json\/wp\/v2\/product_cat?post=54383"},{"taxonomy":"product_tag","embeddable":true,"href":"https:\/\/car-2.de\/shop\/wp-json\/wp\/v2\/product_tag?post=54383"}],"curies":[{"name":"wp","href":"https:\/\/api.w.org\/{rel}","templated":true}]}}

LED Rückleuchten Set BMW 1er E87/E81 3/5-trg.  04-07 rot/schwarz

<p>für Baujahr: 2004 bis 2007Farbe: rot/schwarzmit E Prüfzeichen (eintragungsfrei)led Rückleuchten BMW 1er E81 E82 E87 E88links + rechts (Set)Top Qualität und Designfür Baujahr: 2004 bis 2007Farbe: rot/schwarzmit E Prüfzeichen (eintragungsfrei)led Rückleuchten BMW 1er E81 E82 E87 E88links + rechts (Set)Top Qualität und Design</p>
