{"id":48973,"date":"2025-01-02T02:03:36","date_gmt":"2025-01-02T01:03:36","guid":{"rendered":"https:\/\/autotuning-shop.de\/shop\/produkt\/scheinwerfer-opel-astra-f-91-94-schwarz\/"},"modified":"2025-01-02T02:03:40","modified_gmt":"2025-01-02T01:03:40","slug":"scheinwerfer-opel-astra-f-91-94-schwarz","status":"publish","type":"product","link":"https:\/\/car-2.de\/shop\/produkt\/scheinwerfer-opel-astra-f-91-94-schwarz\/","title":{"rendered":"Scheinwerfer Opel Astra F  91-94 schwarz"},"content":{"rendered":"<p><span style=\"display: inline-block; width: 0px; overflow: hidden; line-height: 0;\" data-mce-type=\"bookmark\" class=\"mce_SELRES_start\">\ufeff<\/span><\/p>\n","protected":false},"excerpt":{"rendered":"<p>f\u00fcr Opel Astra Ff\u00fcr Baujahr: 1991 bis 1994mit E Pr\u00fcfzeichen (eintragungsfrei)ohne elektr. LeuchtweitenregulierungFarbe: schwarzmit integriertem Blinker und LeuchtringDesign ScheinwerferTop Qualit\u00e4t und Designf\u00fcr Opel Astra Ff\u00fcr Baujahr: 1991 bis 1994mit E Pr\u00fcfzeichen (eintragungsfrei)ohne elektr. LeuchtweitenregulierungFarbe: schwarzmit integriertem Blinker und LeuchtringDesign ScheinwerferTop Qualit\u00e4t und Design<\/p>\n","protected":false},"featured_media":48974,"comment_status":"closed","ping_status":"open","template":"","meta":[],"product_brand":[],"product_cat":[633,634],"product_tag":[],"class_list":{"0":"post-48973","1":"product","2":"type-product","3":"status-publish","4":"has-post-thumbnail","6":"product_cat-beleuchtung-tuning","7":"product_cat-scheinwerfer","8":"pa_kfz-hersteller-opel","9":"pa_kfz-modell-astra-f","11":"first","12":"instock","13":"purchasable","14":"product-type-simple"},"_links":{"self":[{"href":"https:\/\/car-2.de\/shop\/wp-json\/wp\/v2\/product\/48973","targetHints":{"allow":["GET"]}}],"collection":[{"href":"https:\/\/car-2.de\/shop\/wp-json\/wp\/v2\/product"}],"about":[{"href":"https:\/\/car-2.de\/shop\/wp-json\/wp\/v2\/types\/product"}],"replies":[{"embeddable":true,"href":"https:\/\/car-2.de\/shop\/wp-json\/wp\/v2\/comments?post=48973"}],"wp:featuredmedia":[{"embeddable":true,"href":"https:\/\/car-2.de\/shop\/wp-json\/wp\/v2\/media\/48974"}],"wp:attachment":[{"href":"https:\/\/car-2.de\/shop\/wp-json\/wp\/v2\/media?parent=48973"}],"wp:term":[{"taxonomy":"product_brand","embeddable":true,"href":"https:\/\/car-2.de\/shop\/wp-json\/wp\/v2\/product_brand?post=48973"},{"taxonomy":"product_cat","embeddable":true,"href":"https:\/\/car-2.de\/shop\/wp-json\/wp\/v2\/product_cat?post=48973"},{"taxonomy":"product_tag","embeddable":true,"href":"https:\/\/car-2.de\/shop\/wp-json\/wp\/v2\/product_tag?post=48973"}],"curies":[{"name":"wp","href":"https:\/\/api.w.org\/{rel}","templated":true}]}}

<p>für Opel Astra Ffür Baujahr: 1991 bis 1994mit E Prüfzeichen (eintragungsfrei)ohne elektr. LeuchtweitenregulierungFarbe: schwarzmit integriertem Blinker und LeuchtringDesign ScheinwerferTop Qualität und Designfür Opel Astra Ffür Baujahr: 1991 bis 1994mit E Prüfzeichen (eintragungsfrei)ohne elektr. LeuchtweitenregulierungFarbe: schwarzmit integriertem Blinker und LeuchtringDesign ScheinwerferTop Qualität und Design</p>
