{"id":48443,"date":"2025-01-02T02:03:11","date_gmt":"2025-01-02T01:03:11","guid":{"rendered":"https:\/\/autotuning-shop.de\/shop\/produkt\/led-rueckleuchten-set-vw-t6-bj-ab-20-fluegeltueren-version-schwarz-smoke\/"},"modified":"2025-01-02T02:03:12","modified_gmt":"2025-01-02T01:03:12","slug":"led-rueckleuchten-set-vw-t6-bj-ab-20-fluegeltueren-version-schwarz-smoke","status":"publish","type":"product","link":"https:\/\/car-2.de\/shop\/produkt\/led-rueckleuchten-set-vw-t6-bj-ab-20-fluegeltueren-version-schwarz-smoke\/","title":{"rendered":"LED R\u00fcckleuchten Set VW T6 Bj. ab 20 Fl\u00fcgelt\u00fcren-Version schwarz\/smoke"},"content":{"rendered":"<p><span style=\"display: inline-block; width: 0px; overflow: hidden; line-height: 0;\" data-mce-type=\"bookmark\" class=\"mce_SELRES_start\">\ufeff<\/span><\/p>\n","protected":false},"excerpt":{"rendered":"<p>f&uuml;r VW T6f&uuml;r Baujahr ab 2020 Fl&uuml;gelt&uuml;renFarbe: schwarz\/smokedynamische LED-BlinkerE-Pr&uuml;fzeichen (eintragungsfrei)gute Verarbeitung und Qualit&auml;tlinks + rechts (Set)f&uuml;r VW T6f&uuml;r Baujahr ab 2020 Fl&uuml;gelt&uuml;renFarbe: schwarz\/smokedynamische LED-BlinkerE-Pr&uuml;fzeichen (eintragungsfrei)gute Verarbeitung und Qualit&auml;tlinks + rechts (Set)<\/p>\n","protected":false},"featured_media":48444,"comment_status":"closed","ping_status":"open","template":"","meta":[],"product_brand":[],"product_cat":[633,640],"product_tag":[],"class_list":{"0":"post-48443","1":"product","2":"type-product","3":"status-publish","4":"has-post-thumbnail","6":"product_cat-beleuchtung-tuning","7":"product_cat-rueckleuchten","9":"first","10":"instock","11":"purchasable","12":"product-type-simple"},"_links":{"self":[{"href":"https:\/\/car-2.de\/shop\/wp-json\/wp\/v2\/product\/48443","targetHints":{"allow":["GET"]}}],"collection":[{"href":"https:\/\/car-2.de\/shop\/wp-json\/wp\/v2\/product"}],"about":[{"href":"https:\/\/car-2.de\/shop\/wp-json\/wp\/v2\/types\/product"}],"replies":[{"embeddable":true,"href":"https:\/\/car-2.de\/shop\/wp-json\/wp\/v2\/comments?post=48443"}],"wp:featuredmedia":[{"embeddable":true,"href":"https:\/\/car-2.de\/shop\/wp-json\/wp\/v2\/media\/48444"}],"wp:attachment":[{"href":"https:\/\/car-2.de\/shop\/wp-json\/wp\/v2\/media?parent=48443"}],"wp:term":[{"taxonomy":"product_brand","embeddable":true,"href":"https:\/\/car-2.de\/shop\/wp-json\/wp\/v2\/product_brand?post=48443"},{"taxonomy":"product_cat","embeddable":true,"href":"https:\/\/car-2.de\/shop\/wp-json\/wp\/v2\/product_cat?post=48443"},{"taxonomy":"product_tag","embeddable":true,"href":"https:\/\/car-2.de\/shop\/wp-json\/wp\/v2\/product_tag?post=48443"}],"curies":[{"name":"wp","href":"https:\/\/api.w.org\/{rel}","templated":true}]}}