{"id":47306,"date":"2025-01-02T02:01:58","date_gmt":"2025-01-02T01:01:58","guid":{"rendered":"https:\/\/autotuning-shop.de\/shop\/produkt\/scheinwerfer-set-daylight-led-tfl-optik-vw-new-beetle-2006-2012-schwarz\/"},"modified":"2025-01-02T02:02:04","modified_gmt":"2025-01-02T01:02:04","slug":"scheinwerfer-set-daylight-led-tfl-optik-vw-new-beetle-2006-2012-schwarz","status":"publish","type":"product","link":"https:\/\/car-2.de\/shop\/produkt\/scheinwerfer-set-daylight-led-tfl-optik-vw-new-beetle-2006-2012-schwarz\/","title":{"rendered":"Scheinwerfer Set Daylight LED TFL-Optik VW New Beetle 2006-2012 schwarz"},"content":{"rendered":"<p><span style=\"display: inline-block; width: 0px; overflow: hidden; line-height: 0;\" data-mce-type=\"bookmark\" class=\"mce_SELRES_start\">\ufeff<\/span><\/p>\n","protected":false},"excerpt":{"rendered":"<p>geeignet f\u00fcr VW New Beetle2006-20121 Set besteht aus 2 Scheinwerfern; inkl. Kabelstrangmit E Pr\u00fcfzeichen (eintragungsfrei)mit Stellmotor f\u00fcr LeuchtweitenregulierungFernund AbblendlichtFarbe: schwarzeinfache MontageTagfahrlicht Optikgeeignet f\u00fcr VW New Beetle2006-20121 Set besteht aus 2 Scheinwerfern; inkl. Kabelstrangmit E Pr\u00fcfzeichen (eintragungsfrei)mit Stellmotor f\u00fcr LeuchtweitenregulierungFernund AbblendlichtFarbe: schwarzeinfache MontageTagfahrlicht Optik<\/p>\n","protected":false},"featured_media":47307,"comment_status":"closed","ping_status":"open","template":"","meta":[],"product_brand":[],"product_cat":[633,634],"product_tag":[],"class_list":{"0":"post-47306","1":"product","2":"type-product","3":"status-publish","4":"has-post-thumbnail","6":"product_cat-beleuchtung-tuning","7":"product_cat-scheinwerfer","9":"first","10":"instock","11":"purchasable","12":"product-type-simple"},"_links":{"self":[{"href":"https:\/\/car-2.de\/shop\/wp-json\/wp\/v2\/product\/47306","targetHints":{"allow":["GET"]}}],"collection":[{"href":"https:\/\/car-2.de\/shop\/wp-json\/wp\/v2\/product"}],"about":[{"href":"https:\/\/car-2.de\/shop\/wp-json\/wp\/v2\/types\/product"}],"replies":[{"embeddable":true,"href":"https:\/\/car-2.de\/shop\/wp-json\/wp\/v2\/comments?post=47306"}],"wp:featuredmedia":[{"embeddable":true,"href":"https:\/\/car-2.de\/shop\/wp-json\/wp\/v2\/media\/47307"}],"wp:attachment":[{"href":"https:\/\/car-2.de\/shop\/wp-json\/wp\/v2\/media?parent=47306"}],"wp:term":[{"taxonomy":"product_brand","embeddable":true,"href":"https:\/\/car-2.de\/shop\/wp-json\/wp\/v2\/product_brand?post=47306"},{"taxonomy":"product_cat","embeddable":true,"href":"https:\/\/car-2.de\/shop\/wp-json\/wp\/v2\/product_cat?post=47306"},{"taxonomy":"product_tag","embeddable":true,"href":"https:\/\/car-2.de\/shop\/wp-json\/wp\/v2\/product_tag?post=47306"}],"curies":[{"name":"wp","href":"https:\/\/api.w.org\/{rel}","templated":true}]}}