{"id":45672,"date":"2025-01-02T01:59:50","date_gmt":"2025-01-02T00:59:50","guid":{"rendered":"https:\/\/autotuning-shop.de\/shop\/produkt\/rueckleuchten-opel-kadett-e-84-91-schwarz\/"},"modified":"2025-01-02T01:59:53","modified_gmt":"2025-01-02T00:59:53","slug":"rueckleuchten-opel-kadett-e-84-91-schwarz","status":"publish","type":"product","link":"https:\/\/car-2.de\/shop\/produkt\/rueckleuchten-opel-kadett-e-84-91-schwarz\/","title":{"rendered":"R\u00fcckleuchten Opel Kadett E  84-91 schwarz"},"content":{"rendered":"<p><span style=\"display: inline-block; width: 0px; overflow: hidden; line-height: 0;\" data-mce-type=\"bookmark\" class=\"mce_SELRES_start\">\ufeff<\/span><\/p>\n","protected":false},"excerpt":{"rendered":"<p>f\u00fcr Opel Kadett Ef\u00fcr Baujahr: 1984 bis 1991Farbe: schwarzmit E Pr\u00fcfzeichen (eintragungsfrei)inkl. Kabelstrang1 Set bestehend aus 2 R\u00fcckleuchteneinfache Montagebeste VerarbeitungR\u00fcckleuchten Opel Kadett Ef\u00fcr Opel Kadett Ef\u00fcr Baujahr: 1984 bis 1991Farbe: schwarzmit E Pr\u00fcfzeichen (eintragungsfrei)inkl. Kabelstrang1 Set bestehend aus 2 R\u00fcckleuchteneinfache Montagebeste VerarbeitungR\u00fcckleuchten Opel Kadett E<\/p>\n","protected":false},"featured_media":45673,"comment_status":"closed","ping_status":"open","template":"","meta":[],"product_brand":[],"product_cat":[633,640],"product_tag":[],"class_list":{"0":"post-45672","1":"product","2":"type-product","3":"status-publish","4":"has-post-thumbnail","6":"product_cat-beleuchtung-tuning","7":"product_cat-rueckleuchten","8":"pa_kfz-hersteller-opel","9":"pa_kfz-modell-kadett-e","11":"first","12":"instock","13":"purchasable","14":"product-type-simple"},"_links":{"self":[{"href":"https:\/\/car-2.de\/shop\/wp-json\/wp\/v2\/product\/45672","targetHints":{"allow":["GET"]}}],"collection":[{"href":"https:\/\/car-2.de\/shop\/wp-json\/wp\/v2\/product"}],"about":[{"href":"https:\/\/car-2.de\/shop\/wp-json\/wp\/v2\/types\/product"}],"replies":[{"embeddable":true,"href":"https:\/\/car-2.de\/shop\/wp-json\/wp\/v2\/comments?post=45672"}],"wp:featuredmedia":[{"embeddable":true,"href":"https:\/\/car-2.de\/shop\/wp-json\/wp\/v2\/media\/45673"}],"wp:attachment":[{"href":"https:\/\/car-2.de\/shop\/wp-json\/wp\/v2\/media?parent=45672"}],"wp:term":[{"taxonomy":"product_brand","embeddable":true,"href":"https:\/\/car-2.de\/shop\/wp-json\/wp\/v2\/product_brand?post=45672"},{"taxonomy":"product_cat","embeddable":true,"href":"https:\/\/car-2.de\/shop\/wp-json\/wp\/v2\/product_cat?post=45672"},{"taxonomy":"product_tag","embeddable":true,"href":"https:\/\/car-2.de\/shop\/wp-json\/wp\/v2\/product_tag?post=45672"}],"curies":[{"name":"wp","href":"https:\/\/api.w.org\/{rel}","templated":true}]}}

Rückleuchten Opel Kadett E  84-91 schwarz

<p>für Opel Kadett Efür Baujahr: 1984 bis 1991Farbe: schwarzmit E Prüfzeichen (eintragungsfrei)inkl. Kabelstrang1 Set bestehend aus 2 Rückleuchteneinfache Montagebeste VerarbeitungRückleuchten Opel Kadett Efür Opel Kadett Efür Baujahr: 1984 bis 1991Farbe: schwarzmit E Prüfzeichen (eintragungsfrei)inkl. Kabelstrang1 Set bestehend aus 2 Rückleuchteneinfache Montagebeste VerarbeitungRückleuchten Opel Kadett E</p>
