{"id":45137,"date":"2025-01-10T13:24:50","date_gmt":"2025-01-10T12:24:50","guid":{"rendered":"https:\/\/autotuning-shop.de\/shop\/produkt\/rueckleuchten-bmw-3er-limo-typ-e36-91-98-schwarz\/"},"modified":"2025-01-10T13:24:53","modified_gmt":"2025-01-10T12:24:53","slug":"rueckleuchten-bmw-3er-limo-typ-e36-91-98-schwarz","status":"publish","type":"product","link":"https:\/\/car-2.de\/shop\/produkt\/rueckleuchten-bmw-3er-limo-typ-e36-91-98-schwarz\/","title":{"rendered":"R\u00fcckleuchten BMW 3er Limo Typ E36  91-98 schwarz"},"content":{"rendered":"<p><span style=\"display: inline-block; width: 0px; overflow: hidden; line-height: 0;\" data-mce-type=\"bookmark\" class=\"mce_SELRES_start\">\ufeff<\/span><\/p>\n","protected":false},"excerpt":{"rendered":"<p>f\u00fcr Baujahr: 1991 bis 1998Farbe: schwarzmit E Pr\u00fcfzeichen (eintragungsfrei)R\u00fcckleuchten BMW 3er E361 Set bestehend aus 2 R\u00fcckleuchteneinfache Montagebeste VerarbeitungCrystal Designf\u00fcr Baujahr: 1991 bis 1998Farbe: schwarzmit E Pr\u00fcfzeichen (eintragungsfrei)R\u00fcckleuchten BMW 3er E361 Set bestehend aus 2 R\u00fcckleuchteneinfache Montagebeste VerarbeitungCrystal Design<\/p>\n","protected":false},"featured_media":45138,"comment_status":"closed","ping_status":"open","template":"","meta":[],"product_brand":[],"product_cat":[633,640],"product_tag":[],"class_list":{"0":"post-45137","1":"product","2":"type-product","3":"status-publish","4":"has-post-thumbnail","6":"product_cat-beleuchtung-tuning","7":"product_cat-rueckleuchten","8":"pa_kfz-hersteller-bmw","9":"pa_kfz-modell-3er-e36","11":"first","12":"instock","13":"purchasable","14":"product-type-simple"},"_links":{"self":[{"href":"https:\/\/car-2.de\/shop\/wp-json\/wp\/v2\/product\/45137","targetHints":{"allow":["GET"]}}],"collection":[{"href":"https:\/\/car-2.de\/shop\/wp-json\/wp\/v2\/product"}],"about":[{"href":"https:\/\/car-2.de\/shop\/wp-json\/wp\/v2\/types\/product"}],"replies":[{"embeddable":true,"href":"https:\/\/car-2.de\/shop\/wp-json\/wp\/v2\/comments?post=45137"}],"wp:featuredmedia":[{"embeddable":true,"href":"https:\/\/car-2.de\/shop\/wp-json\/wp\/v2\/media\/45138"}],"wp:attachment":[{"href":"https:\/\/car-2.de\/shop\/wp-json\/wp\/v2\/media?parent=45137"}],"wp:term":[{"taxonomy":"product_brand","embeddable":true,"href":"https:\/\/car-2.de\/shop\/wp-json\/wp\/v2\/product_brand?post=45137"},{"taxonomy":"product_cat","embeddable":true,"href":"https:\/\/car-2.de\/shop\/wp-json\/wp\/v2\/product_cat?post=45137"},{"taxonomy":"product_tag","embeddable":true,"href":"https:\/\/car-2.de\/shop\/wp-json\/wp\/v2\/product_tag?post=45137"}],"curies":[{"name":"wp","href":"https:\/\/api.w.org\/{rel}","templated":true}]}}

Rückleuchten BMW 3er Limo Typ E36  91-98 schwarz

<p>für Baujahr: 1991 bis 1998Farbe: schwarzmit E Prüfzeichen (eintragungsfrei)Rückleuchten BMW 3er E361 Set bestehend aus 2 Rückleuchteneinfache Montagebeste VerarbeitungCrystal Designfür Baujahr: 1991 bis 1998Farbe: schwarzmit E Prüfzeichen (eintragungsfrei)Rückleuchten BMW 3er E361 Set bestehend aus 2 Rückleuchteneinfache Montagebeste VerarbeitungCrystal Design</p>
