{"id":33126,"date":"2025-01-10T13:38:28","date_gmt":"2025-01-10T12:38:28","guid":{"rendered":"http:\/\/automotive.system199.de\/shop\/produkt\/fk-stiftehalter-tieferlegungsfeder-stiftebox-rennsport-design-blau\/"},"modified":"2025-01-10T13:38:29","modified_gmt":"2025-01-10T12:38:29","slug":"fk-stiftehalter-tieferlegungsfeder-stiftebox-rennsport-design-blau","status":"publish","type":"product","link":"https:\/\/car-2.de\/shop\/produkt\/fk-stiftehalter-tieferlegungsfeder-stiftebox-rennsport-design-blau\/","title":{"rendered":"FK Stiftehalter Tieferlegungsfeder Stiftebox Rennsport-Design blau"},"content":{"rendered":"<p>Artikelbeschreibung:Wer kennt das nicht: man h\u00e4ngt am Telefon und m\u00f6chte sich schnell eine wichtige Info notieren\u0085doch weit und breit ist kein Stift zu sehen. Mit einem FK Stiftehalter passiert Ihnen das nicht mehr so leicht! Die praktischen Beh\u00e4lter aus echten Tieferlegungsfedern bieten Ihnen eine absolut au\u00dfergew\u00f6hnliche Aufbewahrungsm\u00f6glichkeit f\u00fcr Ihre Stifte zu einem gnadenlos g\u00fcnstigen Preis! Durch das einzigartige Motorsport-Design sorgt eine Stiftebox von FK garantiert f\u00fcr neidische Blicke Ihrer Kollegen im B\u00fcro. Holen Sie sich Rennwagenfeeling pur an Ihren Schreibtisch!Doch nicht nur, um der Unordnung auf Ihrem Schreibtisch den Kampf anzusagen, auch in der K\u00fcche erweist sich die FK Stiftebox als n\u00fctzlicher Helfer: Wollen Sie das Besteck immer sch\u00f6n sortiert und griffbereit an seinem Platz stehen haben? Die FK Stiftehalter sind zu jedem Einsatz bereit! Dank der Verwendung robuster Materialien und der  hochwertigen Verzinkung halten die kleinen Ordnungsh\u00fcter extremsten Belastungen stand und k\u00f6nnen auch in rauerer Umgebung wie Ihrer Werkstatt z.B. als Beh\u00e4lter f\u00fcr Schraubenschl\u00fcssel eingesetzt werden.  Damit alles seinen Platz hat und Sie sich auf das Wesentliche konzentrieren k\u00f6nnen.Die attraktiven Ordnungshelfer im sportlichen Outfit sind ein absolutes Must-Have f\u00fcr jeden Schrauber-Haushalt, bei dem Optik und Funktionalit\u00e4t gleichauf sind!\u00a0Details:- perfekte Ordnung auf Ihrem Schreibtisch im B\u00fcro, in Ihrer K\u00fcche oder Werkstatt- absoluter Blickfang durch sportliches Motorsort-Design- kein langes Suchen mehr- attraktive Aufbewahrungsm\u00f6glichkeit- vielf\u00e4ltig einsetzbar als Stiftehalter, Besteckbeh\u00e4lter,\u0085- Erstklassige Qualit\u00e4t f\u00fcr eine hohe Lebensdauer- Hochwertige Verzinkung zum Schutz vor Korrosion- qualitativ hochwertige Verarbeitung- Neu und OVP- Sofort lieferbarLieferumfang:1 x FK Ersatz-Feder f\u00fcr FK GewindefahrwerkHinweise:Die Darstellung von Farben variiert je nach genutzter Computerhardware und der Kalibrierung Ihres Monitores. Farbabweichungen zwischen Produktabbildung und realem Artikel sind physikalisch bedingt und nicht vermeidbar.Wissenswertes:Ordnung ist das halbe Leben? Eins ist klar: Wo gehobelt wird, da fallen Sp\u00e4ne. Doch viele Schreibtische gleichen eher einem Schlachtfeld als einem Ort, an dem ordentlich gearbeitet werden kann. Allzuoft f\u00fchrt das zu Unmut und das B\u00fcro wird nur noch unwillig betreten. Das muss nicht sein. Mit einer Aufbewahrungsm\u00f6glichkeit, wie z.B. einem Stiftehalter, ist Ordnung halten gar nicht so schwer. Ein praktischer Stiftehalter von FK sorgt daf\u00fcr, dass sich Ihre Stifte an Ort und Stelle befinden und Sie sie auf Anhieb wiederfinden. So sparen Sie Zeit, Nerven und bares Geld. Denn wenn alles kreuz und quer auf dem Schreibtisch herum liegt, verschwindet oft vieles spurlos und auf unerkl\u00e4rliche Weise. Und wenn Sie immer gleich wissen, wo sich Ihre Stifte befinden, k\u00f6nnen Sie wesentlich schneller und effektiver arbeiten. Dann haben Sie nach getaner Arbeit auch noch Zeit f\u00fcr andere sch\u00f6ne Dinge.Wir freuen uns auf Ihren Besuch in unserem Online-Shop.Dort finden Sie ein breites Sortiment an Artikeln aus dem Bereich Rennsport- und Leistungstuning, wie zum Beispiel Sportfahrwerk, Domstrebe, Tieferlegungsfedern, Sportstossdaempferund FederwegbegrenzerSchauen Sie einfach mal vorbei und \u00fcberzeugen Sie sich selbst!<span style=\"display: inline-block; width: 0px; overflow: hidden; line-height: 0;\" data-mce-type=\"bookmark\" class=\"mce_SELRES_start\">\ufeff<\/span><\/p>\n","protected":false},"excerpt":{"rendered":"<p>Farbe: blauaus echten TieferlegungsfedernMa\u00dfe ca. 81x81cmextrem prakischsehr stabilhochwertig verzinkt (Korrosionsschutz)Erstklassige Qualit\u00e4thohe Lebensdauerf\u00fcr Rennsport-Feeling im B\u00fcroauch in gelb und schwarz erh\u00e4ltlichFarbe: blauaus echten TieferlegungsfedernMa\u00dfe ca. 81x81cmextrem prakischsehr stabilhochwertig verzinkt (Korrosionsschutz)Erstklassige Qualit\u00e4thohe Lebensdauerf\u00fcr Rennsport-Feeling im B\u00fcroauch in gelb und schwarz erh\u00e4ltlich<\/p>\n","protected":false},"featured_media":56917,"comment_status":"closed","ping_status":"open","template":"","meta":[],"product_brand":[],"product_cat":[641,642],"product_tag":[],"class_list":{"0":"post-33126","1":"product","2":"type-product","3":"status-publish","4":"has-post-thumbnail","6":"product_cat-fahrwerk-tuning","7":"product_cat-fahrwerk-zubehoer","8":"pa_kfz-hersteller-universal","9":"pa_kfz-modell-universal","11":"first","12":"instock","13":"purchasable","14":"product-type-simple"},"_links":{"self":[{"href":"https:\/\/car-2.de\/shop\/wp-json\/wp\/v2\/product\/33126","targetHints":{"allow":["GET"]}}],"collection":[{"href":"https:\/\/car-2.de\/shop\/wp-json\/wp\/v2\/product"}],"about":[{"href":"https:\/\/car-2.de\/shop\/wp-json\/wp\/v2\/types\/product"}],"replies":[{"embeddable":true,"href":"https:\/\/car-2.de\/shop\/wp-json\/wp\/v2\/comments?post=33126"}],"wp:featuredmedia":[{"embeddable":true,"href":"https:\/\/car-2.de\/shop\/wp-json\/wp\/v2\/media\/56917"}],"wp:attachment":[{"href":"https:\/\/car-2.de\/shop\/wp-json\/wp\/v2\/media?parent=33126"}],"wp:term":[{"taxonomy":"product_brand","embeddable":true,"href":"https:\/\/car-2.de\/shop\/wp-json\/wp\/v2\/product_brand?post=33126"},{"taxonomy":"product_cat","embeddable":true,"href":"https:\/\/car-2.de\/shop\/wp-json\/wp\/v2\/product_cat?post=33126"},{"taxonomy":"product_tag","embeddable":true,"href":"https:\/\/car-2.de\/shop\/wp-json\/wp\/v2\/product_tag?post=33126"}],"curies":[{"name":"wp","href":"https:\/\/api.w.org\/{rel}","templated":true}]}}