{"id":33122,"date":"2025-01-02T02:18:43","date_gmt":"2025-01-02T01:18:43","guid":{"rendered":"http:\/\/automotive.system199.de\/shop\/produkt\/anl-sicherung-80-a-4-stueck\/"},"modified":"2025-01-02T02:18:48","modified_gmt":"2025-01-02T01:18:48","slug":"anl-sicherung-80-a-4-stueck","status":"publish","type":"product","link":"https:\/\/car-2.de\/shop\/produkt\/anl-sicherung-80-a-4-stueck\/","title":{"rendered":"ANL-Sicherung 80 A (4 St\u00fcck)"},"content":{"rendered":"<p>Wenn Sie Ihre leistungsschwache, eventuell leise, kleine serienm\u00e4\u00dfig verbaute Musikanlage durch eine leistungsstarke, laute, kr\u00e4ftige Musikanlage ersetzen wollen, steht Ihnen einiges an Arbeit bevor. Sie brauchen jede Menge an Teilen, oft fallen einem im ersten Moment nur Teile wie Subwoofer, Tieft\u00f6ner, Mittelt\u00f6ner, Hocht\u00f6ner und Verst\u00e4rker ein. Jedoch sollten Sie bedenken, dass Sie das Ganze auch noch verkabeln m\u00fcssen, und dies stellt sich h\u00e4ufig komplizierter heraus als es ist.<span style=\"display: inline-block; width: 0px; overflow: hidden; line-height: 0;\" data-mce-type=\"bookmark\" class=\"mce_SELRES_start\">\ufeff<\/span><\/p>\n","protected":false},"excerpt":{"rendered":"<p>optimiert f\u00fcr den Einsatz im Car Hifi BereichFK ANL Sicherung 80 A (4 St\u00fcck)hochwertig verarbeitetoptimiert f\u00fcr den Einsatz im Car Hifi BereichFK ANL Sicherung 80 A (4 St\u00fcck)hochwertig verarbeitet<\/p>\n","protected":false},"featured_media":56881,"comment_status":"closed","ping_status":"open","template":"","meta":[],"product_brand":[],"product_cat":[637],"product_tag":[],"class_list":{"0":"post-33122","1":"product","2":"type-product","3":"status-publish","4":"has-post-thumbnail","6":"product_cat-sale","7":"pa_kfz-hersteller-universal","8":"pa_kfz-modell-universal","10":"first","11":"instock","12":"purchasable","13":"product-type-simple"},"_links":{"self":[{"href":"https:\/\/car-2.de\/shop\/wp-json\/wp\/v2\/product\/33122","targetHints":{"allow":["GET"]}}],"collection":[{"href":"https:\/\/car-2.de\/shop\/wp-json\/wp\/v2\/product"}],"about":[{"href":"https:\/\/car-2.de\/shop\/wp-json\/wp\/v2\/types\/product"}],"replies":[{"embeddable":true,"href":"https:\/\/car-2.de\/shop\/wp-json\/wp\/v2\/comments?post=33122"}],"wp:featuredmedia":[{"embeddable":true,"href":"https:\/\/car-2.de\/shop\/wp-json\/wp\/v2\/media\/56881"}],"wp:attachment":[{"href":"https:\/\/car-2.de\/shop\/wp-json\/wp\/v2\/media?parent=33122"}],"wp:term":[{"taxonomy":"product_brand","embeddable":true,"href":"https:\/\/car-2.de\/shop\/wp-json\/wp\/v2\/product_brand?post=33122"},{"taxonomy":"product_cat","embeddable":true,"href":"https:\/\/car-2.de\/shop\/wp-json\/wp\/v2\/product_cat?post=33122"},{"taxonomy":"product_tag","embeddable":true,"href":"https:\/\/car-2.de\/shop\/wp-json\/wp\/v2\/product_tag?post=33122"}],"curies":[{"name":"wp","href":"https:\/\/api.w.org\/{rel}","templated":true}]}}