{"id":33115,"date":"2025-01-02T02:18:43","date_gmt":"2025-01-02T01:18:43","guid":{"rendered":"http:\/\/automotive.system199.de\/shop\/produkt\/fk-werkstattwagen-set-werkzeugaufbewahrung-rollwagen-fuer-ordnung-in-der-werkstatt-rot\/"},"modified":"2025-01-02T02:18:47","modified_gmt":"2025-01-02T01:18:47","slug":"fk-werkstattwagen-set-werkzeugaufbewahrung-rollwagen-fuer-ordnung-in-der-werkstatt-rot","status":"publish","type":"product","link":"https:\/\/car-2.de\/shop\/produkt\/fk-werkstattwagen-set-werkzeugaufbewahrung-rollwagen-fuer-ordnung-in-der-werkstatt-rot\/","title":{"rendered":"FK Werkstattwagen Set Werkzeugaufbewahrung Rollwagen f\u00fcr Ordnung in der Werkstatt rot"},"content":{"rendered":"<p>Artikelbeschreibung: Die Werkstatt ist einer der wenigen R\u00fcckzugsorte, in dem man(n) einfach mal abschalten kann.Wo man etwas Eigenes erschaffen kann, alleine oder mit Kumpels. Sind auch Sie Schrauber aus Leidenschaft? Trifft man Sie am Wochenende oder abends nach Feierabend am ehesten in Ihrer Werkstatt, wo Sie an Ihrem neuesten Projekt basteln? Elementar wichtig ist da geeignetes und funktionierendes Werkzeug, das Ihren Anforderungen entspricht. Wie gut, wenn die verschiedenen Arbeitsmittel f\u00fcr abwechslungsreiche Aufgaben immer griffbereit sind! Denn echte Bastler kennen es: langes Suchen nach passendem Handwerkszeug ist ein richtiger Zeit- und Motivationskiller. Und echte M\u00e4nner suchen nicht, sie finden. Der praktische Werkstattwagen von FK bietet extrem viel Stauraum f\u00fcr die unterschiedlichsten Arbeitsutensilien.Damit alles seinen Platz hat und Sie sich auf das Wesentliche konzentrieren k\u00f6nnen.Details:- perfekte Ordnung in Ihrer Werkstatt- kein langes Suchen mehr nach passenden Arbeitsutensilien- Schutz der Werkzeuge vor Schmutz u.\u00e4.- extrem viel Stauraum- alles sicher und \u00fcbersichtlich verstaubar + schnell wiederauffindbar- Auch ohne eigene Werkstatt praktische Alternative, um Werkzeug platzsparend zu verstauen- Extrem hohe Lebensdauer durch Verwendung robuster Materialien + spezieller Pulverbeschichtung- Werkzeugkiste: 6 kugelgelagerte Schubladen- Werkzeugwagen: 2 Schubladen + 1 gro\u00dfe Klappt\u00fcre- Schubladen mit ger\u00e4uscharmen Gleitschienen- klappbarer Deckel oben zum Schutz vor Verschmutzung- seitlich angebrachte Box f\u00fcr Kleinteile oder zum kurzzeitigen Ablegen des Werkzeugs- seitlich angebrachter Griff zum komfortablen Rangieren des Wagens- Stabile und hochwertige Rollen zur m\u00fchelosen Bef\u00f6rderung des Wagens- sehr gutes Preis-Leistungsverh\u00e4ltnis- erstklassige Verarbeitung- Neu und OVP- Sofort lieferbarLieferumfang:1 x FK Werkstattwagen inkl. Rollen (exklusive Werkzeug)1 x MontageanleitungHinweise:Die Darstellung von Farben variiert je nach genutzter Computerhardware und der Kalibrierung Ihres Monitores. Farbabweichungen zwischen Produktabbildung und realem Artikel sind physikalisch bedingt und nicht vermeidbar.Werkzeug ist nicht im Lieferumfang enthalten.Wissenswertes:Ordnung ist das halbe (Werkstatt-) Leben? Eins ist klar: Wo gehobelt wird, da fallen Sp\u00e4ne.Doch viele Werkst\u00e4tten gleichen eher einem Schlachtfeld als einem Ort, an dem ordentlich gearbeitet werden kann.Allzuoft f\u00fchrt das zu Unmut und die Werkstatt wird nur noch in Notf\u00e4llen betreten. Das muss nicht sein.Mit einigen Aufbewahrungsm\u00f6glichkeiten wie Regale, Kisten oder einem Wagen f\u00fcr Ihre Arbeitsger\u00e4te ist Ordnung halten gar nicht so schwer.Ein Werkstattwagen von FK sorgt daf\u00fcr, dass sich Ihr Werkzeug an Ort und Stelle befindet und Sie es auf Anhieb wiederfinden.So sparen Sie Zeit, Nerven und bares Geld. Denn wenn Arbeitsger\u00e4te kreuz und quer in der Werkstatt herum liegen,kann es leicht zu Besch\u00e4digungen kommen, sei es durch Kratzer oder Schmutz. Und wenn Sie immer gleich wissen,wo das passende Werkzeug liegt, k\u00f6nnen Sie wesentlich schneller und effektiver arbeiten.Dann haben Sie nach getaner Arbeit auch noch Zeit f\u00fcr andere sch\u00f6ne Dinge.Wir freuen uns auf Ihren Besuch in unserem Online-Shop. Dort finden Sie ein breites Sortiment an Artikeln aus dem Bereich Rennsport- und Leistungstuning, wie zum Beispiel Werkzeug, Leuchtmittel, Batterie und Zubeh\u00f6r, Fahrzeugpflege, Aufkleber und ArbeitsscheinwerferSchauen Sie einfach mal vorbei und \u00fcberzeugen Sie sich selbst!<span style=\"display: inline-block; width: 0px; overflow: hidden; line-height: 0;\" data-mce-type=\"bookmark\" class=\"mce_SELRES_start\">\ufeff<\/span><\/p>\n","protected":false},"excerpt":{"rendered":"<p>Farbe: rotMaterial: kaltgewalztes Metall8 kugelgelagerte Schubladen1 gro\u00dfe Klappt\u00fcrMa\u00dfe Werkzeugkiste: B 60\/T 26\/H 34 cmMa\u00dfe Werkzeugwagen: B 61,8\/T 33\/H 66 cmstabile Lenkrollen zur m\u00fchelosen Bef\u00f6rderungf\u00fcr echte HeimwerkerFarbe: rotMaterial: kaltgewalztes Metall8 kugelgelagerte Schubladen1 gro\u00dfe Klappt\u00fcrMa\u00dfe Werkzeugkiste: B 60\/T 26\/H 34 cmMa\u00dfe Werkzeugwagen: B 61,8\/T 33\/H 66 cmstabile Lenkrollen zur m\u00fchelosen Bef\u00f6rderungf\u00fcr echte Heimwerker<\/p>\n","protected":false},"featured_media":56867,"comment_status":"closed","ping_status":"open","template":"","meta":[],"product_brand":[],"product_cat":[659],"product_tag":[],"class_list":{"0":"post-33115","1":"product","2":"type-product","3":"status-publish","4":"has-post-thumbnail","6":"product_cat-normale-versandkosten","7":"pa_kfz-hersteller-universal","8":"pa_kfz-modell-universal","10":"first","11":"instock","12":"purchasable","13":"product-type-simple"},"_links":{"self":[{"href":"https:\/\/car-2.de\/shop\/wp-json\/wp\/v2\/product\/33115","targetHints":{"allow":["GET"]}}],"collection":[{"href":"https:\/\/car-2.de\/shop\/wp-json\/wp\/v2\/product"}],"about":[{"href":"https:\/\/car-2.de\/shop\/wp-json\/wp\/v2\/types\/product"}],"replies":[{"embeddable":true,"href":"https:\/\/car-2.de\/shop\/wp-json\/wp\/v2\/comments?post=33115"}],"wp:featuredmedia":[{"embeddable":true,"href":"https:\/\/car-2.de\/shop\/wp-json\/wp\/v2\/media\/56867"}],"wp:attachment":[{"href":"https:\/\/car-2.de\/shop\/wp-json\/wp\/v2\/media?parent=33115"}],"wp:term":[{"taxonomy":"product_brand","embeddable":true,"href":"https:\/\/car-2.de\/shop\/wp-json\/wp\/v2\/product_brand?post=33115"},{"taxonomy":"product_cat","embeddable":true,"href":"https:\/\/car-2.de\/shop\/wp-json\/wp\/v2\/product_cat?post=33115"},{"taxonomy":"product_tag","embeddable":true,"href":"https:\/\/car-2.de\/shop\/wp-json\/wp\/v2\/product_tag?post=33115"}],"curies":[{"name":"wp","href":"https:\/\/api.w.org\/{rel}","templated":true}]}}