{"id":33082,"date":"2025-01-02T02:18:43","date_gmt":"2025-01-02T01:18:43","guid":{"rendered":"http:\/\/automotive.system199.de\/shop\/produkt\/led-rueckleuchten-set-lightbar-audi-a6-4f-limo-08-11-chrom\/"},"modified":"2025-01-02T02:18:44","modified_gmt":"2025-01-02T01:18:44","slug":"led-rueckleuchten-set-lightbar-audi-a6-4f-limo-08-11-chrom","status":"publish","type":"product","link":"https:\/\/car-2.de\/shop\/produkt\/led-rueckleuchten-set-lightbar-audi-a6-4f-limo-08-11-chrom\/","title":{"rendered":"LED R\u00fcckleuchten Set Lightbar Audi A6 4F Limo  08-11 chrom"},"content":{"rendered":"<p>LED R\u00fcckleuchten Lightbar Audi A6 4F Limo Bj. 08-11 chrom\/klarLED R\u00fcckleuchten sind nicht nur eine meist durchgef\u00fchrten Tuning Ma\u00dfnahmen, sondern LED R\u00fcckleuchten geh\u00f6ren auch zu den beleibtesten Autoteilen um ein Auto innerhalb k\u00fcrzester Zeit exklusiver, sportlicher und aggressiver wirken zu lassen.Mit dem Nachr\u00fcsten von hochwertigen LED R\u00fcckleuchten werten Sie Ihr Fahrzeug auch in Sachen Sicherheit entsprechend auf. LED R\u00fcckleuchten sind nicht nur optisch sch\u00f6ner sondern die Lichtausbeute der Hochleistung-LEDs der R\u00fcckleuchten bewirken sind auch f\u00fcr Ihren Hintermann ein pr\u00e4gbarer.Mit dem Nachr\u00fcsten von LED R\u00fcckleuchten geben Sie Ihrem Fahrzeug eine sportliche Optik bei Tag und bei Nacht.&nbsp;Die LED-R\u00fcckleuchten sind mehr als ein klares Signal f\u00fcr einen sportliches Fahrzeug.Fast wartungsfrei \u00fcberzeugen sie mit einem um 0,2 Sekunden besseren Ansprechverhalten als herk\u00f6mmliche Gl\u00fchlampen. Dieser Unterschied kann auf der Stra\u00dfe Leben retten: Bei einer Geschwindigkeit von 100 km\/h entspricht das immerhin 5,6 Meter.KEINE KOSTEN EINTRAGUNGSFREI: Dieses LED R\u00fcckleuchtenset ist wenn nicht anderes angegeben mit e-Zeichen ausgestattet und sind somit Eintragungsfrei. Es fallen keine Kosten f\u00fcr eine kostenpflichtige Eintragung in die Fahrzeugpapiere an.GERINGE EINBAUKOSTEN: Die LED R\u00fcckleuchten k\u00f6nnen problemlos von jeder Fachwerkstatt binnen ca. 1 Stunde eingebaut werden. Einbauanleitung: Die Scheinwerfer werden teilweise komplett mit Kabelbaum und einer &quot;englischen&quot; Einbauanleitung ausgeliefert oder mittels Stecker die auf den Serienkabelbaum passen. Die Qualit\u00e4t: Die LED R\u00fcckleuchten sind in Erstausr\u00fcsterqualit\u00e4t zu vergleichen und werden von namhaften Produzenten f\u00fcr das Zubeh\u00f6rgesch\u00e4ft produziert.Der Preis: Im Regelfall sind diese LED R\u00fcckleuchten g\u00fcnstiger als die Originalen R\u00fcckleuchten. Hier lohnt sich ein Preischeck, selbst wenn nur im Falle einen Unfalls nur eine R\u00fcckleuchte defekt sein sollte. Die LED R\u00fcckleuchten sind eine g\u00fcnstige Umr\u00fcstm\u00f6glichkeit im Falle eines Unfalls oder im Falle einer Nachr\u00fcstung wenn die Originalr\u00fcckleuchte undicht sein sollte!DIE LED R\u00fcckleuchtentechnik: Die LED R\u00fcckleuchten sind nicht nur technisch sondern auch optisch ausgereift und sind im \u00fcbrigen schon 100.000 fach erfolgreich weltweit eingebaut. Sie m\u00f6chten Ihrem Fahrzeug eine sportliche Note geben? Dann sollten Sie gleich dieses tolle R\u00fcckleuchtenset gleich bestellen.Weitere Ausf\u00fchrungsdetails: LED R\u00fcckleuchten in Originaloptik mit entsprechender Technikverbesserte Lichtwerte gegen\u00fcber Gl\u00fchlampenr\u00fcckleuchten durch neuerer Technikwenn nicht anders angegeben auch f\u00fcr Bordcomputer technisch passend Anschluss erfolgt \u00fcber fahrzeugspezifischen Stecker Leuchtmittel f\u00fcr nicht LED Segmente sind im Lieferumfang nicht enthaltenkeine Eintragung und Eintragungskosten in die Papiere n\u00f6tig, da mit &quot;E&quot; Pr\u00fcfzeichen versehen Einfache Montage da die Original R\u00fcckleuchten Befestigungspunkte des Fahrzeugs verwendet werden.Lange Lebensdauer durch die Verwendung von hochwertigen Material und ChormbeschichtungenLieferumfang:1 R\u00fcckleuchtenset bestehenden aus einer rechten bzw. linken LED R\u00fcckleuchte<span style=\"display: inline-block; width: 0px; overflow: hidden; line-height: 0;\" data-mce-type=\"bookmark\" class=\"mce_SELRES_start\">\ufeff<\/span><\/p>\n","protected":false},"excerpt":{"rendered":"<p>f\u00fcr Audi A6 4F Limo Baujahr 2008 bis 2011Farbe: chrommit E Pr\u00fcfzeichen (eintragungsfrei)links + rechts (Set)LED R\u00fcckleuchten mit animierten LED Blinkerf\u00fcr Audi A6 4F Limo Baujahr 2008 bis 2011Farbe: chrommit E Pr\u00fcfzeichen (eintragungsfrei)links + rechts (Set)LED R\u00fcckleuchten mit animierten LED Blinker<\/p>\n","protected":false},"featured_media":56806,"comment_status":"closed","ping_status":"open","template":"","meta":[],"product_brand":[],"product_cat":[633,640],"product_tag":[],"class_list":{"0":"post-33082","1":"product","2":"type-product","3":"status-publish","4":"has-post-thumbnail","6":"product_cat-beleuchtung-tuning","7":"product_cat-rueckleuchten","8":"pa_kfz-hersteller-audi","9":"pa_kfz-modell-a6-c6-4f","11":"first","12":"instock","13":"purchasable","14":"product-type-simple"},"_links":{"self":[{"href":"https:\/\/car-2.de\/shop\/wp-json\/wp\/v2\/product\/33082","targetHints":{"allow":["GET"]}}],"collection":[{"href":"https:\/\/car-2.de\/shop\/wp-json\/wp\/v2\/product"}],"about":[{"href":"https:\/\/car-2.de\/shop\/wp-json\/wp\/v2\/types\/product"}],"replies":[{"embeddable":true,"href":"https:\/\/car-2.de\/shop\/wp-json\/wp\/v2\/comments?post=33082"}],"wp:featuredmedia":[{"embeddable":true,"href":"https:\/\/car-2.de\/shop\/wp-json\/wp\/v2\/media\/56806"}],"wp:attachment":[{"href":"https:\/\/car-2.de\/shop\/wp-json\/wp\/v2\/media?parent=33082"}],"wp:term":[{"taxonomy":"product_brand","embeddable":true,"href":"https:\/\/car-2.de\/shop\/wp-json\/wp\/v2\/product_brand?post=33082"},{"taxonomy":"product_cat","embeddable":true,"href":"https:\/\/car-2.de\/shop\/wp-json\/wp\/v2\/product_cat?post=33082"},{"taxonomy":"product_tag","embeddable":true,"href":"https:\/\/car-2.de\/shop\/wp-json\/wp\/v2\/product_tag?post=33082"}],"curies":[{"name":"wp","href":"https:\/\/api.w.org\/{rel}","templated":true}]}}