{"id":33052,"date":"2025-01-02T02:18:28","date_gmt":"2025-01-02T01:18:28","guid":{"rendered":"http:\/\/automotive.system199.de\/shop\/produkt\/fk-schutzmatte-teppich-beige-fuer-rennsimulator-gamesitze\/"},"modified":"2025-01-02T02:18:32","modified_gmt":"2025-01-02T01:18:32","slug":"fk-schutzmatte-teppich-beige-fuer-rennsimulator-gamesitze","status":"publish","type":"product","link":"https:\/\/car-2.de\/shop\/produkt\/fk-schutzmatte-teppich-beige-fuer-rennsimulator-gamesitze\/","title":{"rendered":"FK Schutzmatte Teppich beige f\u00fcr Rennsimulator Gamesitze"},"content":{"rendered":"<p><span style=\"display: inline-block; width: 0px; overflow: hidden; line-height: 0;\" data-mce-type=\"bookmark\" class=\"mce_SELRES_start\">\ufeff<\/span><\/p>\n","protected":false},"excerpt":{"rendered":"<p>FK Schutzmatte Teppich f\u00fcr Rennsimulator GamesitzeFarbe: beigesch\u00fctzt ihren Boden for Kratzernmit rutschfester Unterseitepassende Teppiche hierzu: FKRSEB1901 \/ FKRSEB1905 \/ FKRSEB1907Ma\u00dfe ca. 170 x 49 cmFK Schutzmatte Teppich f\u00fcr Rennsimulator GamesitzeFarbe: beigesch\u00fctzt ihren Boden for Kratzernmit rutschfester Unterseitepassende Teppiche hierzu: FKRSEB1901 \/ FKRSEB1905 \/ FKRSEB1907Ma\u00dfe ca. 170 x 49 cm<\/p>\n","protected":false},"featured_media":56623,"comment_status":"closed","ping_status":"open","template":"","meta":[],"product_brand":[],"product_cat":[658,655],"product_tag":[],"class_list":{"0":"post-33052","1":"product","2":"type-product","3":"status-publish","4":"has-post-thumbnail","6":"product_cat-sportsitz-zubehoer","7":"product_cat-sportsitze-gurte","8":"pa_kfz-hersteller-universal","9":"pa_kfz-modell-universal","11":"first","12":"instock","13":"purchasable","14":"product-type-simple"},"_links":{"self":[{"href":"https:\/\/car-2.de\/shop\/wp-json\/wp\/v2\/product\/33052","targetHints":{"allow":["GET"]}}],"collection":[{"href":"https:\/\/car-2.de\/shop\/wp-json\/wp\/v2\/product"}],"about":[{"href":"https:\/\/car-2.de\/shop\/wp-json\/wp\/v2\/types\/product"}],"replies":[{"embeddable":true,"href":"https:\/\/car-2.de\/shop\/wp-json\/wp\/v2\/comments?post=33052"}],"wp:featuredmedia":[{"embeddable":true,"href":"https:\/\/car-2.de\/shop\/wp-json\/wp\/v2\/media\/56623"}],"wp:attachment":[{"href":"https:\/\/car-2.de\/shop\/wp-json\/wp\/v2\/media?parent=33052"}],"wp:term":[{"taxonomy":"product_brand","embeddable":true,"href":"https:\/\/car-2.de\/shop\/wp-json\/wp\/v2\/product_brand?post=33052"},{"taxonomy":"product_cat","embeddable":true,"href":"https:\/\/car-2.de\/shop\/wp-json\/wp\/v2\/product_cat?post=33052"},{"taxonomy":"product_tag","embeddable":true,"href":"https:\/\/car-2.de\/shop\/wp-json\/wp\/v2\/product_tag?post=33052"}],"curies":[{"name":"wp","href":"https:\/\/api.w.org\/{rel}","templated":true}]}}