{"id":32928,"date":"2025-01-02T02:17:56","date_gmt":"2025-01-02T01:17:56","guid":{"rendered":"http:\/\/automotive.system199.de\/shop\/produkt\/verschleissteile-rueckleuchte-rechts-vw-passat-3c-limo-10-14-schwarz\/"},"modified":"2025-01-02T02:17:57","modified_gmt":"2025-01-02T01:17:57","slug":"verschleissteile-rueckleuchte-rechts-vw-passat-3c-limo-10-14-schwarz","status":"publish","type":"product","link":"https:\/\/car-2.de\/shop\/produkt\/verschleissteile-rueckleuchte-rechts-vw-passat-3c-limo-10-14-schwarz\/","title":{"rendered":"Verschlei\u00dfteile R\u00fcckleuchte rechts VW Passat 3C Limo  10-14 schwarz"},"content":{"rendered":"<p>Zubeh\u00f6r R\u00fcckleuchte rechts VW Passat<span style=\"display: inline-block; width: 0px; overflow: hidden; line-height: 0;\" data-mce-type=\"bookmark\" class=\"mce_SELRES_start\">\ufeff<\/span><\/p>\n","protected":false},"excerpt":{"rendered":"<p>f\u00fcr VW Passat (B7\/3C)f\u00fcr Baujahr: 2010 bis 2014Farbe: schwarzmit E Pr\u00fcfzeichen (eintragungsfrei)rechts \/ BeifahrerseiteZubeh\u00f6r R\u00fcckleuchteLeuchtmittel: PY21W\/P21W\/W16Wf\u00fcr VW Passat (B7\/3C)f\u00fcr Baujahr: 2010 bis 2014Farbe: schwarzmit E Pr\u00fcfzeichen (eintragungsfrei)rechts \/ BeifahrerseiteZubeh\u00f6r R\u00fcckleuchteLeuchtmittel: PY21W\/P21W\/W16W<\/p>\n","protected":false},"featured_media":55964,"comment_status":"closed","ping_status":"open","template":"","meta":[],"product_brand":[],"product_cat":[633,640],"product_tag":[],"class_list":{"0":"post-32928","1":"product","2":"type-product","3":"status-publish","4":"has-post-thumbnail","6":"product_cat-beleuchtung-tuning","7":"product_cat-rueckleuchten","8":"pa_kfz-hersteller-vw","9":"pa_kfz-modell-passat-b7-3c","11":"first","12":"instock","13":"purchasable","14":"product-type-simple"},"_links":{"self":[{"href":"https:\/\/car-2.de\/shop\/wp-json\/wp\/v2\/product\/32928","targetHints":{"allow":["GET"]}}],"collection":[{"href":"https:\/\/car-2.de\/shop\/wp-json\/wp\/v2\/product"}],"about":[{"href":"https:\/\/car-2.de\/shop\/wp-json\/wp\/v2\/types\/product"}],"replies":[{"embeddable":true,"href":"https:\/\/car-2.de\/shop\/wp-json\/wp\/v2\/comments?post=32928"}],"wp:featuredmedia":[{"embeddable":true,"href":"https:\/\/car-2.de\/shop\/wp-json\/wp\/v2\/media\/55964"}],"wp:attachment":[{"href":"https:\/\/car-2.de\/shop\/wp-json\/wp\/v2\/media?parent=32928"}],"wp:term":[{"taxonomy":"product_brand","embeddable":true,"href":"https:\/\/car-2.de\/shop\/wp-json\/wp\/v2\/product_brand?post=32928"},{"taxonomy":"product_cat","embeddable":true,"href":"https:\/\/car-2.de\/shop\/wp-json\/wp\/v2\/product_cat?post=32928"},{"taxonomy":"product_tag","embeddable":true,"href":"https:\/\/car-2.de\/shop\/wp-json\/wp\/v2\/product_tag?post=32928"}],"curies":[{"name":"wp","href":"https:\/\/api.w.org\/{rel}","templated":true}]}}