{"id":32867,"date":"2025-01-02T02:17:33","date_gmt":"2025-01-02T01:17:33","guid":{"rendered":"http:\/\/automotive.system199.de\/shop\/produkt\/verschleissteile-nebelscheinwerfer-links-bmw-1er-coupe-cabrio-e82-e88-07-11\/"},"modified":"2025-01-02T02:17:36","modified_gmt":"2025-01-02T01:17:36","slug":"verschleissteile-nebelscheinwerfer-links-bmw-1er-coupe-cabrio-e82-e88-07-11","status":"publish","type":"product","link":"https:\/\/car-2.de\/shop\/produkt\/verschleissteile-nebelscheinwerfer-links-bmw-1er-coupe-cabrio-e82-e88-07-11\/","title":{"rendered":"Verschlei\u00dfteile Nebelscheinwerfer links BMW 1er Coupe\/Cabrio E82\/E88  07-11"},"content":{"rendered":"<p>Wenn Nebel, Regen oder Schnee Ihnen wieder einmal die Sicht versperren, dann ist es wichtig dass ihr Fahrzeug mit den besten Instrumenten ausgestattet ist, um die Gefahren, die beim Fahren bei einer solchen Witterung bestehen, zu umgehen und sicher an Ihr gew\u00fcnschtes Ziel zu gelangen. Qualitativ hochwertige Nebelscheinwerfer sind deshalb von hoher Bedeutung f\u00fcr die Sicherheit beim Fahren unter derartigen Bedingungen. Dabei m\u00fcssen Nebelscheinwerfer nicht blo\u00df funktional einwandfrei sein, f\u00fcr viele Autofahrer spielt nat\u00fcrlich auch das Design der Nebelscheinwerfer eine gro\u00dfe Rolle. Wir bei FK Automotive k\u00f6nnen Ihnen beides bieten. In unserem Online Shop finden Sie f\u00fcr zahlreiche Automarken und Fahrzeugmodelle Nebelscheinwerfer mit individuellem Design. Wie bei allen unseren Artikeln zum Leuchtentuning bestechen auch die Nebelscheinwerfer mit einem Top Design, einer hohen Qualit\u00e4t und einer f\u00fcr das jeweilige Fahrzeugmodell hohen Passform. Sie k\u00f6nnen die Nebelscheinwerfer aus unserem Haus zudem in unterschiedlichen Farbkombinationen erhalten. So k\u00f6nnen Sie Ihr Fahrzeug individuell und ihren Vorstellungen entsprechend optisch aufwerten. Die gro\u00dfe Vielfalt unserer Nebelscheinwerfer wird Ihnen die Entscheidung daher schwer machen. Unsere Nebelscheinwerfer werden installationsbereit als Set inklusive aller Kabel und Anschlussmaterial geliefert, damit Sie Ihren erhaltenen Artikel schnell verbauen und in Betrieb setzen k\u00f6nnen.<span style=\"display: inline-block; width: 0px; overflow: hidden; line-height: 0;\" data-mce-type=\"bookmark\" class=\"mce_SELRES_start\">\ufeff<\/span><\/p>\n","protected":false},"excerpt":{"rendered":"<p>f\u00fcr BMW 1er E81\/E82\/E87\/E88f\u00fcr Baujahr: 2007 bis 2011Farbe: schwarzmit E Pr\u00fcfzeichen (eintragungsfrei)links \/ FahrerseiteZubeh\u00f6r Nebelscheinwerferf\u00fcr BMW 1er E81\/E82\/E87\/E88f\u00fcr Baujahr: 2007 bis 2011Farbe: schwarzmit E Pr\u00fcfzeichen (eintragungsfrei)links \/ FahrerseiteZubeh\u00f6r Nebelscheinwerfer<\/p>\n","protected":false},"featured_media":55586,"comment_status":"closed","ping_status":"open","template":"","meta":[],"product_brand":[],"product_cat":[633,634],"product_tag":[],"class_list":{"0":"post-32867","1":"product","2":"type-product","3":"status-publish","4":"has-post-thumbnail","6":"product_cat-beleuchtung-tuning","7":"product_cat-scheinwerfer","8":"pa_kfz-hersteller-bmw","9":"pa_kfz-modell-1er-e81-e82-e87-e88","11":"first","12":"instock","13":"purchasable","14":"product-type-simple"},"_links":{"self":[{"href":"https:\/\/car-2.de\/shop\/wp-json\/wp\/v2\/product\/32867","targetHints":{"allow":["GET"]}}],"collection":[{"href":"https:\/\/car-2.de\/shop\/wp-json\/wp\/v2\/product"}],"about":[{"href":"https:\/\/car-2.de\/shop\/wp-json\/wp\/v2\/types\/product"}],"replies":[{"embeddable":true,"href":"https:\/\/car-2.de\/shop\/wp-json\/wp\/v2\/comments?post=32867"}],"wp:featuredmedia":[{"embeddable":true,"href":"https:\/\/car-2.de\/shop\/wp-json\/wp\/v2\/media\/55586"}],"wp:attachment":[{"href":"https:\/\/car-2.de\/shop\/wp-json\/wp\/v2\/media?parent=32867"}],"wp:term":[{"taxonomy":"product_brand","embeddable":true,"href":"https:\/\/car-2.de\/shop\/wp-json\/wp\/v2\/product_brand?post=32867"},{"taxonomy":"product_cat","embeddable":true,"href":"https:\/\/car-2.de\/shop\/wp-json\/wp\/v2\/product_cat?post=32867"},{"taxonomy":"product_tag","embeddable":true,"href":"https:\/\/car-2.de\/shop\/wp-json\/wp\/v2\/product_tag?post=32867"}],"curies":[{"name":"wp","href":"https:\/\/api.w.org\/{rel}","templated":true}]}}

Verschleißteile Nebelscheinwerfer links BMW 1er Coupe/Cabrio E82/E88  07-11

<p>Wenn Nebel, Regen oder Schnee Ihnen wieder einmal die Sicht versperren, dann ist es wichtig dass ihr Fahrzeug mit den besten Instrumenten ausgestattet ist, um die Gefahren, die beim Fahren bei einer solchen Witterung bestehen, zu umgehen und sicher an Ihr gewünschtes Ziel zu gelangen. Qualitativ hochwertige Nebelscheinwerfer sind deshalb von hoher Bedeutung für die Sicherheit beim Fahren unter derartigen Bedingungen. Dabei müssen Nebelscheinwerfer nicht bloß funktional einwandfrei sein, für viele Autofahrer spielt natürlich auch das Design der Nebelscheinwerfer eine große Rolle. Wir bei FK Automotive können Ihnen beides bieten. In unserem Online Shop finden Sie für zahlreiche Automarken und Fahrzeugmodelle Nebelscheinwerfer mit individuellem Design. Wie bei allen unseren Artikeln zum Leuchtentuning bestechen auch die Nebelscheinwerfer mit einem Top Design, einer hohen Qualität und einer für das jeweilige Fahrzeugmodell hohen Passform. Sie können die Nebelscheinwerfer aus unserem Haus zudem in unterschiedlichen Farbkombinationen erhalten. So können Sie Ihr Fahrzeug individuell und ihren Vorstellungen entsprechend optisch aufwerten. Die große Vielfalt unserer Nebelscheinwerfer wird Ihnen die Entscheidung daher schwer machen. Unsere Nebelscheinwerfer werden installationsbereit als Set inklusive aller Kabel und Anschlussmaterial geliefert, damit Sie Ihren erhaltenen Artikel schnell verbauen und in Betrieb setzen können.<span style="display: inline-block; width: 0px; overflow: hidden; line-height: 0;" data-mce-type="bookmark" class="mce_SELRES_start">﻿</span></p>

<p>für BMW 1er E81/E82/E87/E88für Baujahr: 2007 bis 2011Farbe: schwarzmit E Prüfzeichen (eintragungsfrei)links / FahrerseiteZubehör Nebelscheinwerferfür BMW 1er E81/E82/E87/E88für Baujahr: 2007 bis 2011Farbe: schwarzmit E Prüfzeichen (eintragungsfrei)links / FahrerseiteZubehör Nebelscheinwerfer</p>
