{"id":32750,"date":"2025-01-02T02:16:06","date_gmt":"2025-01-02T01:16:06","guid":{"rendered":"http:\/\/automotive.system199.de\/shop\/produkt\/verschleissteile-scheinwerfer-links-opel-corsa-d-ab-2011-schwarz\/"},"modified":"2025-01-02T02:16:08","modified_gmt":"2025-01-02T01:16:08","slug":"verschleissteile-scheinwerfer-links-opel-corsa-d-ab-2011-schwarz","status":"publish","type":"product","link":"https:\/\/car-2.de\/shop\/produkt\/verschleissteile-scheinwerfer-links-opel-corsa-d-ab-2011-schwarz\/","title":{"rendered":"Verschlei\u00dfteile Scheinwerfer links Opel Corsa D  ab 2011 schwarz"},"content":{"rendered":"<p>Die Zubeh\u00f6r Scheinwerfer ist die perfekte Alternative zu den Originalscheinwerfer jedoch preistechnisch im Regelfall deutlich g\u00fcnstiger. Esist schon \u00e4rgerlich genug wenn man bei einem Unfall verwickelt war und dann mit hohen Kosten f\u00fcr die Reparatur konfrontiert wird. Mit den Zubeh\u00f6rscheinwerfer haben Sie die M\u00f6glichkeit Geld zu sparen und bei der Qualit\u00e4t der Scheinwerfer keine Einbu\u00dfen zu haben.KEINE KOSTEN EINTRAGUNGSFREI: Die Zubeh\u00f6r Scheinwerfer werden mit e-Zeichen ausgeliefert und sind somit Eintragungsfrei GERINGE EINBAUKOSTEN: Die Zuebh\u00f6rscheinwerfer k\u00f6nnen problemlos von jeder Fachwerkstatt binnen ca. 2 Stunden eingebaut werden. Einbauanleitung: Die Scheinwerfer werden teilweise komplett mit Kabelbaum und einer &quot;englischen&quot; Einbauanleitung ausgeliefert oder mittels Stecker die auf den Serienkabelbaum passen. Die Qualit\u00e4t: der Scheinwerfer ist mit Erstausr\u00fcsterqualit\u00e4t zu vergleichen und werden von namhaften Produzenten f\u00fcr das Zubeh\u00f6rgesch\u00e4ft produziert.Der Preis: Im Regelfall sind diese Zubeh\u00f6rscheinwerfer immer g\u00fcnstiger als die Originalen Scheinwerfer. Hier lohnt sich ein Preischeck, selbst wenn nur im Falle einen Unfalls nur ein Scheinwerfer defekt sein sollte. Die Zubeh\u00f6rscheinwerfer sind eine g\u00fcnstige Umr\u00fcstm\u00f6glichkeit im Falle eines Unfalls oder im Falle einer Nachr\u00fcstung wenn die Streuscheide bei Steinschl\u00e4gen in Mitleidenschaft gezogen wurde!Die Scheinwerfer Technik: Die Scheinwerfer sind nicht nur technisch sondern auch optisch ausgereift und sind im \u00fcbrigen schon 100.000 fach erfolgreich weltweit eingebaut. Sie m\u00f6chten Ihrem Fahrzeug eine sportliche Note geben? Dann sollten Sie gleich dieses tolle Scheinwerferset bestellen.Weitere Ausf\u00fchrungsdetails: Scheinwerfer in Originaloptik mit entsprechender Technikverbesserte Lichtausbeute durch verbesserter Reflektoren und neuerer technikwenn nicht anders angegeben inkl. elektrischer LWR ( euchtweitenregulierung ) Anschluss erfolgt \u00fcber fahrzeugspezifischen Stecker Leuchtmittel sind im Lieferumfang nicht enthaltenkeine Eintragung und Eintragungskosten in die Papiere n\u00f6tig, da mit &quot;E&quot; Pr\u00fcfzeichen versehen Einfache Montage da die Original Scheinwerfer Befestigungspunkte des Fahrzeugs verwendet !Lange Lebensdauer durch die Verwendung von hochwertigen Material und ChormbeschichtungenLieferumfang:1 Scheinwerfer wie angegebenen rechts oder links<span style=\"display: inline-block; width: 0px; overflow: hidden; line-height: 0;\" data-mce-type=\"bookmark\" class=\"mce_SELRES_start\">\ufeff<\/span><\/p>\n","protected":false},"excerpt":{"rendered":"<p>f\u00fcr Opel Corsa Df\u00fcr Baujahr: ab 2011mit E Pr\u00fcfzeichen (eintragungsfrei)mit elektr. Leuchtweitenregulierung inkl. StellmotorLeuchtmittel: H7\/H1\/W21\/5W\/PY24Wlinks \/ FahrerseiteZubeh\u00f6r ScheinwerferFarbe: schwarzf\u00fcr Opel Corsa Df\u00fcr Baujahr: ab 2011mit E Pr\u00fcfzeichen (eintragungsfrei)mit elektr. Leuchtweitenregulierung inkl. StellmotorLeuchtmittel: H7\/H1\/W21\/5W\/PY24Wlinks \/ FahrerseiteZubeh\u00f6r ScheinwerferFarbe: schwarz<\/p>\n","protected":false},"featured_media":54069,"comment_status":"closed","ping_status":"open","template":"","meta":[],"product_brand":[],"product_cat":[633,634],"product_tag":[],"class_list":{"0":"post-32750","1":"product","2":"type-product","3":"status-publish","4":"has-post-thumbnail","6":"product_cat-beleuchtung-tuning","7":"product_cat-scheinwerfer","8":"pa_kfz-hersteller-opel","9":"pa_kfz-modell-corsa-d","11":"first","12":"instock","13":"purchasable","14":"product-type-simple"},"_links":{"self":[{"href":"https:\/\/car-2.de\/shop\/wp-json\/wp\/v2\/product\/32750","targetHints":{"allow":["GET"]}}],"collection":[{"href":"https:\/\/car-2.de\/shop\/wp-json\/wp\/v2\/product"}],"about":[{"href":"https:\/\/car-2.de\/shop\/wp-json\/wp\/v2\/types\/product"}],"replies":[{"embeddable":true,"href":"https:\/\/car-2.de\/shop\/wp-json\/wp\/v2\/comments?post=32750"}],"wp:featuredmedia":[{"embeddable":true,"href":"https:\/\/car-2.de\/shop\/wp-json\/wp\/v2\/media\/54069"}],"wp:attachment":[{"href":"https:\/\/car-2.de\/shop\/wp-json\/wp\/v2\/media?parent=32750"}],"wp:term":[{"taxonomy":"product_brand","embeddable":true,"href":"https:\/\/car-2.de\/shop\/wp-json\/wp\/v2\/product_brand?post=32750"},{"taxonomy":"product_cat","embeddable":true,"href":"https:\/\/car-2.de\/shop\/wp-json\/wp\/v2\/product_cat?post=32750"},{"taxonomy":"product_tag","embeddable":true,"href":"https:\/\/car-2.de\/shop\/wp-json\/wp\/v2\/product_tag?post=32750"}],"curies":[{"name":"wp","href":"https:\/\/api.w.org\/{rel}","templated":true}]}}