{"id":32549,"date":"2021-09-09T23:22:59","date_gmt":"2021-09-09T21:22:59","guid":{"rendered":"http:\/\/automotive.system199.de\/shop\/produkt\/koppelstangen-set-opel-zafira-2\/"},"modified":"2025-01-09T23:00:29","modified_gmt":"2025-01-09T22:00:29","slug":"koppelstangen-set-opel-zafira-2","status":"publish","type":"product","link":"https:\/\/car-2.de\/shop\/produkt\/koppelstangen-set-opel-zafira-2\/","title":{"rendered":"Koppelstangen Set Opel Zafira"},"content":{"rendered":"<p>FK Automotive Koppelstangen sind das passende Zubeh\u00f6r f\u00fcr unsere Gewindefahrwerke. Wir liefern die Koppelstangen in verschiedenen Gr\u00f6\u00dfen und Ausf\u00fchrungen. Die meisten Koppelstangen sind universell einsetzbar. Wir bieten aber auch spezielle Koppelstangen f\u00fcr BMW, Mercedes oder Volvo. Unsere Koppelstangen entsprechen h\u00f6chsten Qualit\u00e4tsstandards und sie bekommen sie zu gewohnt g\u00fcnstigen FK Preisen. Das Gewindefahrwerk in Kombination mit dem dazugeh\u00f6rigen Zubeh\u00f6r verleiht dem Fahrwerk eine straffere Performance, die dem herk\u00f6mmlichen Sportfahrwerk weit \u00fcberlegen ist. Dennoch bietet die D\u00e4mpfung durch die Federn einen ausreichenden Fahrkomfort. F\u00fcr sportlich ambitionierte Fahrer sind unsere Fahrwerke und Zubeh\u00f6r wie die Koppelstangen ein absolutes Muss. Die Fahrwerke und das Zubeh\u00f6r sind optimal aufeinander abgestimmt und haben sich vielfach im Betrieb bew\u00e4hrt. Die Montage der Koppelstangen ist dank der guten Verarbeitung und der genauen Passform unkompliziert und in kurzer Zeit durchf\u00fchrbar. Die Koppelstangen werden auf modernsten Maschinen aus hochwertigen Materialien angefertigt. Sie werden somit lange Spa\u00df an unseren Fahrwerkskomponenten haben. Wir bieten eine gro\u00dfe Anzahl an Fahrwerksteilen in unserem Programm. Informieren sie sich im Bereich Fahrwerk und Tuning. Hier finden sie Sportfahrwerke, Gewindefahrwerke, Zubeh\u00f6r und Tieferlegungsfedern in top Qualit\u00e4t zu super g\u00fcnstigen Preisen. Wenn es um Tuning geht stehen Fahrwerke etc. an erster Stelle. Sie verbessern die Fahrleistung, das Handling und das Design des Fahrzeuges in hohem Ma\u00df. Machen sie aus ihrem Fahrzeug etwas besonderes! Mit FK Automotive Tuningteilen sondern sie sich von der Masse ab. Wir bieten stets eine riesen Auswahl an Teilen mit denen sie ihr Auto tunen k\u00f6nnen. Z\u00f6gern sie nicht lange und greifen sie jetzt zu!<\/p>\n","protected":false},"excerpt":{"rendered":"<ul>\n<li>f\u00fcr Opel Zafira B<\/li>\n<li>Gewinde M12<\/li>\n<li>nur passend f\u00fcr FK Fahrwerke, die nach dem 07.2007 ausgeliefert wurden<\/li>\n<li>Koppelstangen Set bestehend aus 2 St\u00fcck<\/li>\n<\/ul>\n","protected":false},"featured_media":29040,"comment_status":"closed","ping_status":"open","template":"","meta":[],"product_brand":[],"product_cat":[641,642],"product_tag":[],"class_list":{"0":"post-32549","1":"product","2":"type-product","3":"status-publish","4":"has-post-thumbnail","6":"product_cat-fahrwerk-tuning","7":"product_cat-fahrwerk-zubehoer","9":"first","10":"instock","11":"taxable","12":"shipping-taxable","13":"purchasable","14":"product-type-simple"},"_links":{"self":[{"href":"https:\/\/car-2.de\/shop\/wp-json\/wp\/v2\/product\/32549","targetHints":{"allow":["GET"]}}],"collection":[{"href":"https:\/\/car-2.de\/shop\/wp-json\/wp\/v2\/product"}],"about":[{"href":"https:\/\/car-2.de\/shop\/wp-json\/wp\/v2\/types\/product"}],"replies":[{"embeddable":true,"href":"https:\/\/car-2.de\/shop\/wp-json\/wp\/v2\/comments?post=32549"}],"wp:featuredmedia":[{"embeddable":true,"href":"https:\/\/car-2.de\/shop\/wp-json\/wp\/v2\/media\/29040"}],"wp:attachment":[{"href":"https:\/\/car-2.de\/shop\/wp-json\/wp\/v2\/media?parent=32549"}],"wp:term":[{"taxonomy":"product_brand","embeddable":true,"href":"https:\/\/car-2.de\/shop\/wp-json\/wp\/v2\/product_brand?post=32549"},{"taxonomy":"product_cat","embeddable":true,"href":"https:\/\/car-2.de\/shop\/wp-json\/wp\/v2\/product_cat?post=32549"},{"taxonomy":"product_tag","embeddable":true,"href":"https:\/\/car-2.de\/shop\/wp-json\/wp\/v2\/product_tag?post=32549"}],"curies":[{"name":"wp","href":"https:\/\/api.w.org\/{rel}","templated":true}]}}