{"id":32384,"date":"2025-01-02T02:13:51","date_gmt":"2025-01-02T01:13:51","guid":{"rendered":"http:\/\/automotive.system199.de\/shop\/produkt\/scheinwerfer-set-daylight-led-tfl-optik-opel-vectra-c-02-05-schwarz-fuer-rechtslenker\/"},"modified":"2025-01-02T02:13:55","modified_gmt":"2025-01-02T01:13:55","slug":"scheinwerfer-set-daylight-led-tfl-optik-opel-vectra-c-02-05-schwarz-fuer-rechtslenker","status":"publish","type":"product","link":"https:\/\/car-2.de\/shop\/produkt\/scheinwerfer-set-daylight-led-tfl-optik-opel-vectra-c-02-05-schwarz-fuer-rechtslenker\/","title":{"rendered":"Scheinwerfer Set Daylight LED TFL-Optik Opel Vectra C  02-05 schwarz f\u00fcr Rechtslenker"},"content":{"rendered":"<p><span style=\"display: inline-block; width: 0px; overflow: hidden; line-height: 0;\" data-mce-type=\"bookmark\" class=\"mce_SELRES_start\">\ufeff<\/span><\/p>\n","protected":false},"excerpt":{"rendered":"<p>f\u00fcr Opel Vectra Cf\u00fcr Baujahr:2002 bis 2005mit E Pr\u00fcfzeichen (eintragungsfrei)mit elektr. Leuchtweitenregulierung ohne StellmotorFarbe: schwarzf\u00fcr RechtslenkerDaylight Scheinwerfer mit LED Standlichtlinks + rechts (Set)f\u00fcr Opel Vectra Cf\u00fcr Baujahr:2002 bis 2005mit E Pr\u00fcfzeichen (eintragungsfrei)mit elektr. Leuchtweitenregulierung ohne StellmotorFarbe: schwarzf\u00fcr RechtslenkerDaylight Scheinwerfer mit LED Standlichtlinks + rechts (Set)<\/p>\n","protected":false},"featured_media":52042,"comment_status":"closed","ping_status":"open","template":"","meta":[],"product_brand":[],"product_cat":[633,634],"product_tag":[],"class_list":{"0":"post-32384","1":"product","2":"type-product","3":"status-publish","4":"has-post-thumbnail","6":"product_cat-beleuchtung-tuning","7":"product_cat-scheinwerfer","8":"pa_kfz-hersteller-opel","9":"pa_kfz-modell-vectra-c","11":"first","12":"instock","13":"purchasable","14":"product-type-simple"},"_links":{"self":[{"href":"https:\/\/car-2.de\/shop\/wp-json\/wp\/v2\/product\/32384","targetHints":{"allow":["GET"]}}],"collection":[{"href":"https:\/\/car-2.de\/shop\/wp-json\/wp\/v2\/product"}],"about":[{"href":"https:\/\/car-2.de\/shop\/wp-json\/wp\/v2\/types\/product"}],"replies":[{"embeddable":true,"href":"https:\/\/car-2.de\/shop\/wp-json\/wp\/v2\/comments?post=32384"}],"wp:featuredmedia":[{"embeddable":true,"href":"https:\/\/car-2.de\/shop\/wp-json\/wp\/v2\/media\/52042"}],"wp:attachment":[{"href":"https:\/\/car-2.de\/shop\/wp-json\/wp\/v2\/media?parent=32384"}],"wp:term":[{"taxonomy":"product_brand","embeddable":true,"href":"https:\/\/car-2.de\/shop\/wp-json\/wp\/v2\/product_brand?post=32384"},{"taxonomy":"product_cat","embeddable":true,"href":"https:\/\/car-2.de\/shop\/wp-json\/wp\/v2\/product_cat?post=32384"},{"taxonomy":"product_tag","embeddable":true,"href":"https:\/\/car-2.de\/shop\/wp-json\/wp\/v2\/product_tag?post=32384"}],"curies":[{"name":"wp","href":"https:\/\/api.w.org\/{rel}","templated":true}]}}

Scheinwerfer Set Daylight LED TFL-Optik Opel Vectra C  02-05 schwarz für Rechtslenker

<p>für Opel Vectra Cfür Baujahr:2002 bis 2005mit E Prüfzeichen (eintragungsfrei)mit elektr. Leuchtweitenregulierung ohne StellmotorFarbe: schwarzfür RechtslenkerDaylight Scheinwerfer mit LED Standlichtlinks + rechts (Set)für Opel Vectra Cfür Baujahr:2002 bis 2005mit E Prüfzeichen (eintragungsfrei)mit elektr. Leuchtweitenregulierung ohne StellmotorFarbe: schwarzfür RechtslenkerDaylight Scheinwerfer mit LED Standlichtlinks + rechts (Set)</p>
