{"id":32084,"date":"2025-01-02T02:12:43","date_gmt":"2025-01-02T01:12:43","guid":{"rendered":"http:\/\/automotive.system199.de\/shop\/produkt\/tieferlegungsfedern-bmw-5er-f11-5k-tieferlegung-va-ca-35-ha-ca-15-mm-touring-sw-allrad-x-drive-export\/"},"modified":"2025-01-02T02:12:45","modified_gmt":"2025-01-02T01:12:45","slug":"tieferlegungsfedern-bmw-5er-f11-5k-tieferlegung-va-ca-35-ha-ca-15-mm-touring-sw-allrad-x-drive-export","status":"publish","type":"product","link":"https:\/\/car-2.de\/shop\/produkt\/tieferlegungsfedern-bmw-5er-f11-5k-tieferlegung-va-ca-35-ha-ca-15-mm-touring-sw-allrad-x-drive-export\/","title":{"rendered":"Tieferlegungsfedern BMW 5er F11 (5K) Tieferlegung VA ca. 35 HA ca. 15 mm Touring\/SW Allrad\/X-drive *EXPORT*"},"content":{"rendered":"<p><span style=\"display: inline-block; width: 0px; overflow: hidden; line-height: 0;\" data-mce-type=\"bookmark\" class=\"mce_SELRES_start\">\ufeff<\/span><\/p>\n","protected":false},"excerpt":{"rendered":"<p>f\u00fcr BMW 5er F11 (5K)f\u00fcr Baujahr: ab 09.2010Tieferlegung VA ca. 35 HA ca. 15 mmau\u00dfer 535d xdrive\/550i\/550i xdrive\/550d xdriveohne ZulassungMaterial: Chrom Silizium StahlTieferlegungsfedern High TecTop Verarbeitungf\u00fcr BMW 5er F11 (5K)f\u00fcr Baujahr: ab 09.2010Tieferlegung VA ca. 35 HA ca. 15 mmau\u00dfer 535d xdrive\/550i\/550i xdrive\/550d xdriveohne ZulassungMaterial: Chrom Silizium StahlTieferlegungsfedern High TecTop Verarbeitung<\/p>\n","protected":false},"featured_media":50788,"comment_status":"closed","ping_status":"open","template":"","meta":[],"product_brand":[],"product_cat":[641,663],"product_tag":[],"class_list":{"0":"post-32084","1":"product","2":"type-product","3":"status-publish","4":"has-post-thumbnail","6":"product_cat-fahrwerk-tuning","7":"product_cat-tieferlegungsfedern","8":"pa_kfz-hersteller-bmw","9":"pa_kfz-modell-5er-touring-f11","11":"first","12":"instock","13":"purchasable","14":"product-type-simple"},"_links":{"self":[{"href":"https:\/\/car-2.de\/shop\/wp-json\/wp\/v2\/product\/32084","targetHints":{"allow":["GET"]}}],"collection":[{"href":"https:\/\/car-2.de\/shop\/wp-json\/wp\/v2\/product"}],"about":[{"href":"https:\/\/car-2.de\/shop\/wp-json\/wp\/v2\/types\/product"}],"replies":[{"embeddable":true,"href":"https:\/\/car-2.de\/shop\/wp-json\/wp\/v2\/comments?post=32084"}],"wp:featuredmedia":[{"embeddable":true,"href":"https:\/\/car-2.de\/shop\/wp-json\/wp\/v2\/media\/50788"}],"wp:attachment":[{"href":"https:\/\/car-2.de\/shop\/wp-json\/wp\/v2\/media?parent=32084"}],"wp:term":[{"taxonomy":"product_brand","embeddable":true,"href":"https:\/\/car-2.de\/shop\/wp-json\/wp\/v2\/product_brand?post=32084"},{"taxonomy":"product_cat","embeddable":true,"href":"https:\/\/car-2.de\/shop\/wp-json\/wp\/v2\/product_cat?post=32084"},{"taxonomy":"product_tag","embeddable":true,"href":"https:\/\/car-2.de\/shop\/wp-json\/wp\/v2\/product_tag?post=32084"}],"curies":[{"name":"wp","href":"https:\/\/api.w.org\/{rel}","templated":true}]}}