{"id":30439,"date":"2025-01-02T02:06:27","date_gmt":"2025-01-02T01:06:27","guid":{"rendered":"http:\/\/automotive.system199.de\/shop\/produkt\/aussenspiegel-sportspiegel-set-n-look-3-polig-verstellbar-mit-grossem-blinker-chrom-linkslenker\/"},"modified":"2025-01-02T02:06:27","modified_gmt":"2025-01-02T01:06:27","slug":"aussenspiegel-sportspiegel-set-n-look-3-polig-verstellbar-mit-grossem-blinker-chrom-linkslenker","status":"publish","type":"product","link":"https:\/\/car-2.de\/shop\/produkt\/aussenspiegel-sportspiegel-set-n-look-3-polig-verstellbar-mit-grossem-blinker-chrom-linkslenker\/","title":{"rendered":"Au\u00dfenspiegel Sportspiegel Set N-Look 3-polig verstellbar mit gro\u00dfem Blinker chrom Linkslenker"},"content":{"rendered":"<p><span style=\"display: inline-block; width: 0px; overflow: hidden; line-height: 0;\" data-mce-type=\"bookmark\" class=\"mce_SELRES_start\">\ufeff<\/span><\/p>\n","protected":false},"excerpt":{"rendered":"<p>Sportspiegel Set N-Look (links + rechts)Farbe: chrom3-polig verstellbarmit gro\u00dfem Blinkernur passend f\u00fcr Linkslenkermit E Pr\u00fcfzeichendas Set besteht aus zwei Sportspiegeln (links + rechts)universal zu den FK Adapterplattensportliche SeitenspiegelSportspiegel Set N-Look (links + rechts)Farbe: chrom3-polig verstellbarmit gro\u00dfem Blinkernur passend f\u00fcr Linkslenkermit E Pr\u00fcfzeichendas Set besteht aus zwei Sportspiegeln (links + rechts)universal zu den FK Adapterplattensportliche Seitenspiegel<\/p>\n","protected":false},"featured_media":50655,"comment_status":"closed","ping_status":"open","template":"","meta":[],"product_brand":[],"product_cat":[659],"product_tag":[],"class_list":{"0":"post-30439","1":"product","2":"type-product","3":"status-publish","4":"has-post-thumbnail","6":"product_cat-normale-versandkosten","7":"pa_kfz-hersteller-universal","8":"pa_kfz-modell-universal","10":"first","11":"instock","12":"purchasable","13":"product-type-simple"},"_links":{"self":[{"href":"https:\/\/car-2.de\/shop\/wp-json\/wp\/v2\/product\/30439","targetHints":{"allow":["GET"]}}],"collection":[{"href":"https:\/\/car-2.de\/shop\/wp-json\/wp\/v2\/product"}],"about":[{"href":"https:\/\/car-2.de\/shop\/wp-json\/wp\/v2\/types\/product"}],"replies":[{"embeddable":true,"href":"https:\/\/car-2.de\/shop\/wp-json\/wp\/v2\/comments?post=30439"}],"wp:featuredmedia":[{"embeddable":true,"href":"https:\/\/car-2.de\/shop\/wp-json\/wp\/v2\/media\/50655"}],"wp:attachment":[{"href":"https:\/\/car-2.de\/shop\/wp-json\/wp\/v2\/media?parent=30439"}],"wp:term":[{"taxonomy":"product_brand","embeddable":true,"href":"https:\/\/car-2.de\/shop\/wp-json\/wp\/v2\/product_brand?post=30439"},{"taxonomy":"product_cat","embeddable":true,"href":"https:\/\/car-2.de\/shop\/wp-json\/wp\/v2\/product_cat?post=30439"},{"taxonomy":"product_tag","embeddable":true,"href":"https:\/\/car-2.de\/shop\/wp-json\/wp\/v2\/product_tag?post=30439"}],"curies":[{"name":"wp","href":"https:\/\/api.w.org\/{rel}","templated":true}]}}