{"id":30328,"date":"2025-01-02T02:05:45","date_gmt":"2025-01-02T01:05:45","guid":{"rendered":"http:\/\/automotive.system199.de\/shop\/produkt\/windjacke-groesse-xl-mit-herausnehmbarer-kapuze\/"},"modified":"2025-01-02T02:05:46","modified_gmt":"2025-01-02T01:05:46","slug":"windjacke-groesse-xl-mit-herausnehmbarer-kapuze","status":"publish","type":"product","link":"https:\/\/car-2.de\/shop\/produkt\/windjacke-groesse-xl-mit-herausnehmbarer-kapuze\/","title":{"rendered":"Windjacke &#8211; Gr\u00f6\u00dfe: XL, mit herausnehmbarer Kapuze"},"content":{"rendered":"<p>Es gibt viele Autofahrer, die ein sportliches Fahrzeug besitzen und es lieben schnell zu fahren. Um das absolute Rennfeeling zu erreichen, fehlt den Meisten allerdings die passende Bekleidung &#8211; da k\u00f6nnen wir Abhilfe schaffen! In unserem FK Online Shop f\u00fcr Tuning und sportliches Autozubeh\u00f6r k\u00f6nnen Sie hochwertige Renn-, Kart- und Servicebekleidung finden. Wir haben von der Baseball Cap bis zum Overall viele verschiedene Kleidungsst\u00fccke anzubieten. Sie k\u00f6nnen bei uns Hemden, T- Shirts und Poloshirts f\u00fcr Herren und zum Teil f\u00fcr Damen erwerben. Diese bestehen aus hochwertiger, 100%-iger Baumwolle, stehen mit ihrer hohen Passform f\u00fcr eine top Verarbeitung und sind dabei angenehm auf der Haut zu tragen. Sie k\u00f6nnen die kurz\u00e4rmligen Hemden f\u00fcr Herren in schlichtem blau oder in den Farben blau\/wei\u00df mit renntypischen Applikationen erwerben. Die Gr\u00f6\u00dfen reichen dabei von M-XXL bzw. 39-45. Die Damen Hemden k\u00f6nnen Sie ebenfalls in der Farbe blau\/wei\u00df, in typischer Rennoptik erhalten. Die Hemden f\u00fcr Damen sind in den Gr\u00f6\u00dfen M-XXL erh\u00e4ltlich. Unsere Polo Shirts sind, sowie unsere T-Shirts, in der Farbe schwarz und in den Gr\u00f6\u00dfen S \u0096 XXL erh\u00e4ltlich. Sie k\u00f6nnen in unserem Online Shop zudem Jacken f\u00fcr Damen und Herren erwerben. Wir bieten unsere Herrenjacken in vier verschiedenen sportlichen Designs in Rennoptik in den Gr\u00f6\u00dfen M &#8211; XXL an. Unsere Damenjacke ist ebenfalls in sportlicher Rennoptik in den Gr\u00f6\u00dfen M &#8211; XXL erh\u00e4ltlich, ist aber schmaler geschnitten als die Herrenversion. Au\u00dferdem bieten wir f\u00fcr Herren noch eine Windjacke an, diese ist in der Farbe schwarz in den Gr\u00f6\u00dfen S- XXL erh\u00e4ltlich und hat eine herausnehmbare Kapuze. Oder holen Sie sich einen unserer Overalls, Sie k\u00f6nnen dabei zwischen Kart- oder Monteur Overall ausw\u00e4hlen. Unsere Overalls sind in den Gr\u00f6\u00dfen S \u0096 XXL erh\u00e4ltlich. Holen Sie sich das pure Rennfeeling mit unserer Sportbekleidung.<span style=\"display: inline-block; width: 0px; overflow: hidden; line-height: 0;\" data-mce-type=\"bookmark\" class=\"mce_SELRES_start\">\ufeff<\/span><\/p>\n","protected":false},"excerpt":{"rendered":"<p>Gr\u00f6\u00dfe: XLmit herausnehmbarer KapuzeWindjackeGute PassformHochwertiges MaterialGute VerarbeitungGr\u00f6\u00dfe: XLmit herausnehmbarer KapuzeWindjackeGute PassformHochwertiges MaterialGute Verarbeitung<\/p>\n","protected":false},"featured_media":50337,"comment_status":"closed","ping_status":"open","template":"","meta":[],"product_brand":[],"product_cat":[670,637],"product_tag":[],"class_list":{"0":"post-30328","1":"product","2":"type-product","3":"status-publish","4":"has-post-thumbnail","6":"product_cat-bekleidung","7":"product_cat-sale","8":"pa_kfz-hersteller-universal","9":"pa_kfz-modell-universal","11":"first","12":"instock","13":"purchasable","14":"product-type-simple"},"_links":{"self":[{"href":"https:\/\/car-2.de\/shop\/wp-json\/wp\/v2\/product\/30328","targetHints":{"allow":["GET"]}}],"collection":[{"href":"https:\/\/car-2.de\/shop\/wp-json\/wp\/v2\/product"}],"about":[{"href":"https:\/\/car-2.de\/shop\/wp-json\/wp\/v2\/types\/product"}],"replies":[{"embeddable":true,"href":"https:\/\/car-2.de\/shop\/wp-json\/wp\/v2\/comments?post=30328"}],"wp:featuredmedia":[{"embeddable":true,"href":"https:\/\/car-2.de\/shop\/wp-json\/wp\/v2\/media\/50337"}],"wp:attachment":[{"href":"https:\/\/car-2.de\/shop\/wp-json\/wp\/v2\/media?parent=30328"}],"wp:term":[{"taxonomy":"product_brand","embeddable":true,"href":"https:\/\/car-2.de\/shop\/wp-json\/wp\/v2\/product_brand?post=30328"},{"taxonomy":"product_cat","embeddable":true,"href":"https:\/\/car-2.de\/shop\/wp-json\/wp\/v2\/product_cat?post=30328"},{"taxonomy":"product_tag","embeddable":true,"href":"https:\/\/car-2.de\/shop\/wp-json\/wp\/v2\/product_tag?post=30328"}],"curies":[{"name":"wp","href":"https:\/\/api.w.org\/{rel}","templated":true}]}}