{"id":30315,"date":"2025-01-10T13:38:21","date_gmt":"2025-01-10T12:38:21","guid":{"rendered":"http:\/\/automotive.system199.de\/shop\/produkt\/laufschienen-fuer-sportsitze-universal-mit-verstellhebel\/"},"modified":"2025-01-10T13:38:22","modified_gmt":"2025-01-10T12:38:22","slug":"laufschienen-fuer-sportsitze-universal-mit-verstellhebel","status":"publish","type":"product","link":"https:\/\/car-2.de\/shop\/produkt\/laufschienen-fuer-sportsitze-universal-mit-verstellhebel\/","title":{"rendered":"Laufschienen f\u00fcr Sportsitze universal mit Verstellhebel"},"content":{"rendered":"<p>In dieser Kategorie unseres FK Automotive Online Shops f\u00fcr Tuning undsportliches Autozubeh\u00f6r finden Sie Laufschienen und Sitzkonsolen f\u00fcrunsere FK Sport- und Schalensitze. Die Laufschienen lassen sich unterden Schalen- und Sportsitzen montieren, und man kann somit den Sitz nach vorne und hinten verstellen. Mit den Laufschienen k\u00f6nnen also sowohlLeute mit langen als auch mit kurzen Beinen mit dem Fahrzeug fahren, inwelchem unsere hochwertigen Sport- und Schalensitze verbaut sind.Sollten Sie sich einen komplett starren Sitz w\u00fcnschen, welchem einem das ultimative Rennsportgef\u00fchl vermittelt, k\u00f6nnen Sie bei uns im OnlineShop Sitzkonsolen erwerben. Diese Sitzkonsolen sind Rahmen, die unterdem Sitz befestigt werden, welche dann wiederum im Fahrzeuginneren ander Karosserie fixiert werden. So erhalten Sie einen StarrenRennfahrersitz. Sollten Sie jedoch zwei R\u00fccksitze haben, und jemandenmitnehmen wollen, stellt sich die starre Sitzkonsole als eherunpraktisch heraus. Wenn Sie also in den Genuss unserer sportlichenRenn- und Schalensitze kommen wollen, aber dennoch nicht dieFamilientauglichkeit Ihres Fahrzeugs verlieren wollen, dann bieten wirauch klappbare Sitzkonsolen an. Auf dieser wird auch &#8211; wie bei derobrigen Sitzkonsole \u2013 der Sport- oder Schalensitz aus unserm Hausemontiert, und dann im Fahrzeuginneren an den von der Karosserievorgesehenen Stellen fixiert. Der Vorteil der klappbaren Sitzkonsolenist jedoch, dass man mit Ihnen den Sitz nach vorne klappen kann, und soanderen den Einstieg in Ihr Fahrzeug erm\u00f6glicht. Da es sich hierbei doch um sehr rennsportliche Ambitionen dreht, sind sowohl unsererLaufschienen als auch unsere Sitzkonsolen wie auch unsere Sitze lautStra\u00dfenverkehrsordnung leider nicht zugelassen.Diese Laufschienen eignen sich auch sehr gut als Zubeh\u00f6r f\u00fcr unsere Gamesitze!<span style=\"display: inline-block; width: 0px; overflow: hidden; line-height: 0;\" data-mce-type=\"bookmark\" class=\"mce_SELRES_start\">\ufeff<\/span><\/p>\n","protected":false},"excerpt":{"rendered":"<p>universal passend f\u00fcr FK Sportsitzegeeignet auch f\u00fcr Monaco Gamesitz!mit Verstellhebel auf einer Seiteohne ZulassungMa\u00dfe: L: 32cm, B: 3,5cmuniversal passend f\u00fcr FK Sportsitzegeeignet auch f\u00fcr Monaco Gamesitz!mit Verstellhebel auf einer Seiteohne ZulassungMa\u00dfe: L: 32cm, B: 3,5cm<\/p>\n","protected":false},"featured_media":56638,"comment_status":"closed","ping_status":"open","template":"","meta":[],"product_brand":[],"product_cat":[658,655],"product_tag":[],"class_list":{"0":"post-30315","1":"product","2":"type-product","3":"status-publish","4":"has-post-thumbnail","6":"product_cat-sportsitz-zubehoer","7":"product_cat-sportsitze-gurte","8":"pa_kfz-hersteller-universal","9":"pa_kfz-modell-universal","11":"first","12":"instock","13":"purchasable","14":"product-type-simple"},"_links":{"self":[{"href":"https:\/\/car-2.de\/shop\/wp-json\/wp\/v2\/product\/30315","targetHints":{"allow":["GET"]}}],"collection":[{"href":"https:\/\/car-2.de\/shop\/wp-json\/wp\/v2\/product"}],"about":[{"href":"https:\/\/car-2.de\/shop\/wp-json\/wp\/v2\/types\/product"}],"replies":[{"embeddable":true,"href":"https:\/\/car-2.de\/shop\/wp-json\/wp\/v2\/comments?post=30315"}],"wp:featuredmedia":[{"embeddable":true,"href":"https:\/\/car-2.de\/shop\/wp-json\/wp\/v2\/media\/56638"}],"wp:attachment":[{"href":"https:\/\/car-2.de\/shop\/wp-json\/wp\/v2\/media?parent=30315"}],"wp:term":[{"taxonomy":"product_brand","embeddable":true,"href":"https:\/\/car-2.de\/shop\/wp-json\/wp\/v2\/product_brand?post=30315"},{"taxonomy":"product_cat","embeddable":true,"href":"https:\/\/car-2.de\/shop\/wp-json\/wp\/v2\/product_cat?post=30315"},{"taxonomy":"product_tag","embeddable":true,"href":"https:\/\/car-2.de\/shop\/wp-json\/wp\/v2\/product_tag?post=30315"}],"curies":[{"name":"wp","href":"https:\/\/api.w.org\/{rel}","templated":true}]}}