{"id":30304,"date":"2025-01-02T02:05:36","date_gmt":"2025-01-02T01:05:36","guid":{"rendered":"http:\/\/automotive.system199.de\/shop\/produkt\/lufteinlass-aufkleber-set-2x-ca-180-x-130-mm-universal\/"},"modified":"2025-01-02T02:05:37","modified_gmt":"2025-01-02T01:05:37","slug":"lufteinlass-aufkleber-set-2x-ca-180-x-130-mm-universal","status":"publish","type":"product","link":"https:\/\/car-2.de\/shop\/produkt\/lufteinlass-aufkleber-set-2x-ca-180-x-130-mm-universal\/","title":{"rendered":"Lufteinlass Aufkleber Set 2x ca. 180 x 130 mm universal"},"content":{"rendered":"<p>Mit den Aufklebern von FK Automotive k\u00f6nnen Sie Ihrem Fahrzeug auch von Au\u00dfen und f\u00fcr wenig Geld ein sportliches Design verpassen. Im Handumdrehen ist dieses optische Highlight am Auto angebracht. Einfach die selbstklebende Folie aufkleben und fertig. Rennsport-Optik zum kleinen Preis in bester Qualit\u00e4t aus dem FK Automotive-Onlineshop f\u00fcr modernes Tuning und sportliches Autozubeh\u00f6r. Versch\u00f6nern sie das Exterieur ihres Wagens durch den Lufteinlass-Aufkleber von FK Automotive. Dieser FK Automotive Aufkleber kann auf dem Lack ihres Fahrzeugs an einer von Ihnen gew\u00fcnschten Position angebracht werden. Die selbstklebende Folie ist kratzfest und dauerhaft haltbar. Achten sie beim Aufkleben darauf, die Folie richtig zu straffen und so Falten zu vermeiden. Eingeschlossene Luft k\u00f6nnen\/sollten sie w\u00e4hrend des Aufklebens herausdr\u00fccken, um Ausbeulungen zu vermeiden. Geben Sie Ihrem Fahrzeug eine individuelle Note durch Aufkleber von FK Automotive! Besonders gut zur Geltung kommt dieser Lufteinlass-Aufkleber durch sein sportliches Design an den Seiten ihres Fahrzeugs. Mit ihm wirkt ihr Auto sportlicher und leistungsf\u00e4higer. Der Lufteinlass-Aufkleber von FK Automotive ist detailgetreu und aus der Entfernung nicht von einem echten Lufteinlass zu unterscheiden. Er ist in Chrom und Anthrazit gehalten, f\u00fcr eine edle Optik. Kosteng\u00fcnstiges und einfaches optisches Tuning, das im Handumdrehen angebracht ist. Bestellen Sie noch heute bis 11.59 Uhr und Sie erfreuen sich schon morgen an Ihrem Lufteinlass-Aufkleber von FK Automotive. Im FK-Automotive-Onlineshop finden sie nat\u00fcrlich auch echte Air Intakes in vielen verschiedenen Designs, oder auch Kotfl\u00fcgel f\u00fcr das Tuning des Exterieurs ihres Autos. Und sollten Sie an echten Leistungssteigerungen an Ihrem Auto interessiert sein, finden Sie auch hierf\u00fcr, zum Beispiel in den Kategorien Aerodynamik Tuning, Fahrwerk Tuning oder Rennsport &#038; Leistung, zahlreiche Artikel.<span style=\"display: inline-block; width: 0px; overflow: hidden; line-height: 0;\" data-mce-type=\"bookmark\" class=\"mce_SELRES_start\">\ufeff<\/span><\/p>\n","protected":false},"excerpt":{"rendered":"<p>Lufteinlass-Aufkleber Set1x links + 1x rechtsMa\u00dfe ca. 180 x 130 mmBeste Qualit\u00e4tHighlight am Wagen\u00e4u\u00dferenG\u00fcnstiges optisches TuningF\u00fcr alle Fahrzeugmodelle geeignetEinfach und schnell montiertLufteinlass-Aufkleber Set1x links + 1x rechtsMa\u00dfe ca. 180 x 130 mmBeste Qualit\u00e4tHighlight am Wagen\u00e4u\u00dferenG\u00fcnstiges optisches TuningF\u00fcr alle Fahrzeugmodelle geeignetEinfach und schnell montiert<\/p>\n","protected":false},"featured_media":50207,"comment_status":"closed","ping_status":"open","template":"","meta":[],"product_brand":[],"product_cat":[651,637],"product_tag":[],"class_list":{"0":"post-30304","1":"product","2":"type-product","3":"status-publish","4":"has-post-thumbnail","6":"product_cat-auto-folie-aufkleber","7":"product_cat-sale","8":"pa_kfz-hersteller-universal","9":"pa_kfz-modell-universal","11":"first","12":"instock","13":"purchasable","14":"product-type-simple"},"_links":{"self":[{"href":"https:\/\/car-2.de\/shop\/wp-json\/wp\/v2\/product\/30304","targetHints":{"allow":["GET"]}}],"collection":[{"href":"https:\/\/car-2.de\/shop\/wp-json\/wp\/v2\/product"}],"about":[{"href":"https:\/\/car-2.de\/shop\/wp-json\/wp\/v2\/types\/product"}],"replies":[{"embeddable":true,"href":"https:\/\/car-2.de\/shop\/wp-json\/wp\/v2\/comments?post=30304"}],"wp:featuredmedia":[{"embeddable":true,"href":"https:\/\/car-2.de\/shop\/wp-json\/wp\/v2\/media\/50207"}],"wp:attachment":[{"href":"https:\/\/car-2.de\/shop\/wp-json\/wp\/v2\/media?parent=30304"}],"wp:term":[{"taxonomy":"product_brand","embeddable":true,"href":"https:\/\/car-2.de\/shop\/wp-json\/wp\/v2\/product_brand?post=30304"},{"taxonomy":"product_cat","embeddable":true,"href":"https:\/\/car-2.de\/shop\/wp-json\/wp\/v2\/product_cat?post=30304"},{"taxonomy":"product_tag","embeddable":true,"href":"https:\/\/car-2.de\/shop\/wp-json\/wp\/v2\/product_tag?post=30304"}],"curies":[{"name":"wp","href":"https:\/\/api.w.org\/{rel}","templated":true}]}}