{"id":30298,"date":"2025-01-02T02:05:28","date_gmt":"2025-01-02T01:05:28","guid":{"rendered":"http:\/\/automotive.system199.de\/shop\/produkt\/tankdeckelblende-fuel-cap-alu-look-m2-o120-abdeckung-tankdeckel\/"},"modified":"2025-01-02T02:05:33","modified_gmt":"2025-01-02T01:05:33","slug":"tankdeckelblende-fuel-cap-alu-look-m2-o120-abdeckung-tankdeckel","status":"publish","type":"product","link":"https:\/\/car-2.de\/shop\/produkt\/tankdeckelblende-fuel-cap-alu-look-m2-o120-abdeckung-tankdeckel\/","title":{"rendered":"Tankdeckelblende Fuel Cap Alu Look M2 \u00d8120 Abdeckung Tankdeckel"},"content":{"rendered":"<p>FK Automotive Fuel Caps verleihen Ihrem Fahrzeug eine super Racing- Optik wie es viele Rennwagen haben. Die Tankdeckelkleber sind eine gute Alternative zu meist teureren Tandeckeln. Die Fuel Caps k\u00f6nnen einfach auf die Tankdeckel geklebt werden. Mit den Fuel Caps bekommen Sie in kurzer Zeit und mit wenig Aufwand einen gro\u00dfen Versch\u00f6nerungseffekt an Ihrem Fahrzeug. Wir bieten die Kleber f\u00fcr die Tankdeckel in verschiedenen Formen, Farben und Ausf\u00fchrungen. Es gibt Fuel Caps f\u00fcr spezielle Typen wie BMW 3er, Citroen Saxo, Alfa Romeo GTV oder Fiat Brava und Tankdeckelkleber die zu mehreren Typen passen. Es werden runde und eckige Tankdeckelkleber angeboten. Die Fuel Caps tragen meist in der Mitte das FK Logo und werden von einer Schraubenoptik umkreist. Schauen Sie nach den Ma\u00dfen vielleicht haben wir auch f\u00fcr Ihr Fahrzeug passende Fuel Caps im Sortiment. Die Tankdeckelkleber gibt es in edlem Alu-Look und in sportlichem Carbon Look. Die Fuel Caps sind selbstverst\u00e4ndlich Zulassungsfrei. Die Tankdeckelkleber sind aufgrund ihres g\u00fcnstigen Preises und ihrer leichten Montage vor allem f\u00fcr Tuningeinsteiger geeignet. Fuel Caps fallen aufgrund ihrer sch\u00f6nen Optik und den tollen Farben jedem sofort auf und lassen jedes Tunerherz h\u00f6her schlagen. Wir bieten eines der gr\u00f6\u00dften Programme im Bereich Tuning und Autozubeh\u00f6r in Europa. Speziell in der Sparte Exterieur bieten wir eine riesen Auswahl an Tuningteilen mit denen Sie Ihr Fahrzeug versch\u00f6nern k\u00f6nnen. In Kombination zu den Fuel Caps bieten wir zum Beispiel auch T\u00fcrgriffe, Chrom Zierleisten, Blenden etc. in unserem Onlineshop. Mit FK Automotive Zubeh\u00f6rteilen sondern Sie sich von der Masse ab und verwandeln Ihr Fahrzeug in einen Traumwagen.<span style=\"display: inline-block; width: 0px; overflow: hidden; line-height: 0;\" data-mce-type=\"bookmark\" class=\"mce_SELRES_start\">\ufeff<\/span><\/p>\n","protected":false},"excerpt":{"rendered":"<p>Farbe: silberZulassungsfreiF \/\u00d8 132Fuel Capssuper DesignFarbe: silberZulassungsfreiF \/\u00d8 132Fuel Capssuper Design<\/p>\n","protected":false},"featured_media":50170,"comment_status":"closed","ping_status":"open","template":"","meta":[],"product_brand":[],"product_cat":[677],"product_tag":[],"class_list":{"0":"post-30298","1":"product","2":"type-product","3":"status-publish","4":"has-post-thumbnail","6":"product_cat-versandkostenfreiheit","7":"pa_kfz-hersteller-universal","8":"pa_kfz-modell-universal","10":"first","11":"instock","12":"purchasable","13":"product-type-simple"},"_links":{"self":[{"href":"https:\/\/car-2.de\/shop\/wp-json\/wp\/v2\/product\/30298","targetHints":{"allow":["GET"]}}],"collection":[{"href":"https:\/\/car-2.de\/shop\/wp-json\/wp\/v2\/product"}],"about":[{"href":"https:\/\/car-2.de\/shop\/wp-json\/wp\/v2\/types\/product"}],"replies":[{"embeddable":true,"href":"https:\/\/car-2.de\/shop\/wp-json\/wp\/v2\/comments?post=30298"}],"wp:featuredmedia":[{"embeddable":true,"href":"https:\/\/car-2.de\/shop\/wp-json\/wp\/v2\/media\/50170"}],"wp:attachment":[{"href":"https:\/\/car-2.de\/shop\/wp-json\/wp\/v2\/media?parent=30298"}],"wp:term":[{"taxonomy":"product_brand","embeddable":true,"href":"https:\/\/car-2.de\/shop\/wp-json\/wp\/v2\/product_brand?post=30298"},{"taxonomy":"product_cat","embeddable":true,"href":"https:\/\/car-2.de\/shop\/wp-json\/wp\/v2\/product_cat?post=30298"},{"taxonomy":"product_tag","embeddable":true,"href":"https:\/\/car-2.de\/shop\/wp-json\/wp\/v2\/product_tag?post=30298"}],"curies":[{"name":"wp","href":"https:\/\/api.w.org\/{rel}","templated":true}]}}