{"id":30214,"date":"2025-01-02T02:05:05","date_gmt":"2025-01-02T01:05:05","guid":{"rendered":"http:\/\/automotive.system199.de\/shop\/produkt\/tieferlegungsfederteller-fuer-die-vorderachse-fuer-vw-polo-typ-6n\/"},"modified":"2025-01-02T02:05:08","modified_gmt":"2025-01-02T01:05:08","slug":"tieferlegungsfederteller-fuer-die-vorderachse-fuer-vw-polo-typ-6n","status":"publish","type":"product","link":"https:\/\/car-2.de\/shop\/produkt\/tieferlegungsfederteller-fuer-die-vorderachse-fuer-vw-polo-typ-6n\/","title":{"rendered":"Tieferlegungsfederteller f\u00fcr die Vorderachse f\u00fcr VW Polo (Typ 6N)"},"content":{"rendered":"<p>Auch nicht sichtbare und kleine Teile am Auto k\u00f6nnen gro\u00dfen Einfluss auf das Fahrverhalten haben. F\u00fcr sportliches und dynamisches Fahren ist nicht nur ein gutes Fahrwerk n\u00f6tig, sondern auch Kleinteile, die den Abruf der maximalen Leistung erm\u00f6glichen. Tunen sie ihr Fahrwerk bis ins Detail mit den FK Automotive Tieferlegungsfedertellern in bester FK-Qualit\u00e4t zum kleinen Preis aus dem FK Automotive-Onlineshop f\u00fcr modernes Tuning und sportliches Autozubeh\u00f6r! Erm\u00f6glichen sie ihrem Auto bessere Fahreigenschaften und sich dadurch mehr Fahrspa\u00df. Die FK Automotive Tieferlegungsfederteller sind so konstruiert, dass sie eine Tieferlegung von 10-15 mm durch den Einbau an der Vorderachse bewirken, ohne dass sich der Sitz der Fahrwerksfeder wesentlich ver\u00e4ndert. Sie sind die ideale Erg\u00e4nzung zu den FK Automotive Tieferlegungsfedern, die sie ebenfalls im FK Automotive-Onlineshop finden. Die zus\u00e4tzliche Tieferlegung von 10-15 mm ist hierbei zu der Tieferlegung durch die Tieferlegungsfedern zu addieren. Verbessern sie die Fahreigenschaften ihres Fahrzeugs und dessen Optik durch die FK Automotive Tieferlegungsfedertellern aus dem FK Automotive-Onlineshop f\u00fcr modernes Tuning und sportliches Autozubeh\u00f6r. Die FK Tieferlegungsfederteller sind bei einem Gewindefahrwerk nicht geeignet, da ein Gewindefahrwerk eine andere Bauform von Federtellern ben\u00f6tigt und diese in der Regel bei einem Gewindefahrwerk beiliegen. FK Automotive Tieferlegungsfederteller erm\u00f6glichen eine verboten scharfe Optik und sind daher nicht im Bereich der StVZO zugelassen. FK empfiehlt ihnen, bei der Montage von Tieferlegungsfedertellern immer gleich die Domlager mit auszutauschen, um einen optimalen Fahrkomfort zu gew\u00e4hrleisten. Domlager finden sie wie die Tieferlegungsfederteller neben anderen Produkten f\u00fcr das Fahrwerk Tuning wie Federwegsbegrenzer, Tieferlegungsfedern oder Domstreben im FK Automotive-Onlineshop.<span style=\"display: inline-block; width: 0px; overflow: hidden; line-height: 0;\" data-mce-type=\"bookmark\" class=\"mce_SELRES_start\">\ufeff<\/span><\/p>\n","protected":false},"excerpt":{"rendered":"<p>f\u00fcr VW Polo (6N)TieferlegungsfedertellerBeste Qualit\u00e4tEinbau an der VorderachseMehr Fahrspa\u00dfIdeal in Kombination mit Tieferlegungsfedernf\u00fcr Baujahr:8.94-10.99Nicht im Bereich der StVZO zugelassenTieferlegung ca. 10-15 mmf\u00fcr VW Polo (6N)TieferlegungsfedertellerBeste Qualit\u00e4tEinbau an der VorderachseMehr Fahrspa\u00dfIdeal in Kombination mit Tieferlegungsfedernf\u00fcr Baujahr:8.94-10.99Nicht im Bereich der StVZO zugelassenTieferlegung ca. 10-15 mm<\/p>\n","protected":false},"featured_media":49858,"comment_status":"closed","ping_status":"open","template":"","meta":[],"product_brand":[],"product_cat":[641,643],"product_tag":[],"class_list":{"0":"post-30214","1":"product","2":"type-product","3":"status-publish","4":"has-post-thumbnail","6":"product_cat-fahrwerk-tuning","7":"product_cat-gewindefahrwerk-ersatzteile","8":"pa_kfz-hersteller-vw","9":"pa_kfz-modell-polo-6n","11":"first","12":"instock","13":"purchasable","14":"product-type-simple"},"_links":{"self":[{"href":"https:\/\/car-2.de\/shop\/wp-json\/wp\/v2\/product\/30214","targetHints":{"allow":["GET"]}}],"collection":[{"href":"https:\/\/car-2.de\/shop\/wp-json\/wp\/v2\/product"}],"about":[{"href":"https:\/\/car-2.de\/shop\/wp-json\/wp\/v2\/types\/product"}],"replies":[{"embeddable":true,"href":"https:\/\/car-2.de\/shop\/wp-json\/wp\/v2\/comments?post=30214"}],"wp:featuredmedia":[{"embeddable":true,"href":"https:\/\/car-2.de\/shop\/wp-json\/wp\/v2\/media\/49858"}],"wp:attachment":[{"href":"https:\/\/car-2.de\/shop\/wp-json\/wp\/v2\/media?parent=30214"}],"wp:term":[{"taxonomy":"product_brand","embeddable":true,"href":"https:\/\/car-2.de\/shop\/wp-json\/wp\/v2\/product_brand?post=30214"},{"taxonomy":"product_cat","embeddable":true,"href":"https:\/\/car-2.de\/shop\/wp-json\/wp\/v2\/product_cat?post=30214"},{"taxonomy":"product_tag","embeddable":true,"href":"https:\/\/car-2.de\/shop\/wp-json\/wp\/v2\/product_tag?post=30214"}],"curies":[{"name":"wp","href":"https:\/\/api.w.org\/{rel}","templated":true}]}}

Tieferlegungsfederteller für die Vorderachse für VW Polo (Typ 6N)

<p>Auch nicht sichtbare und kleine Teile am Auto können großen Einfluss auf das Fahrverhalten haben. Für sportliches und dynamisches Fahren ist nicht nur ein gutes Fahrwerk nötig, sondern auch Kleinteile, die den Abruf der maximalen Leistung ermöglichen. Tunen sie ihr Fahrwerk bis ins Detail mit den FK Automotive Tieferlegungsfedertellern in bester FK-Qualität zum kleinen Preis aus dem FK Automotive-Onlineshop für modernes Tuning und sportliches Autozubehör! Ermöglichen sie ihrem Auto bessere Fahreigenschaften und sich dadurch mehr Fahrspaß. Die FK Automotive Tieferlegungsfederteller sind so konstruiert, dass sie eine Tieferlegung von 10-15 mm durch den Einbau an der Vorderachse bewirken, ohne dass sich der Sitz der Fahrwerksfeder wesentlich verändert. Sie sind die ideale Ergänzung zu den FK Automotive Tieferlegungsfedern, die sie ebenfalls im FK Automotive-Onlineshop finden. Die zusätzliche Tieferlegung von 10-15 mm ist hierbei zu der Tieferlegung durch die Tieferlegungsfedern zu addieren. Verbessern sie die Fahreigenschaften ihres Fahrzeugs und dessen Optik durch die FK Automotive Tieferlegungsfedertellern aus dem FK Automotive-Onlineshop für modernes Tuning und sportliches Autozubehör. Die FK Tieferlegungsfederteller sind bei einem Gewindefahrwerk nicht geeignet, da ein Gewindefahrwerk eine andere Bauform von Federtellern benötigt und diese in der Regel bei einem Gewindefahrwerk beiliegen. FK Automotive Tieferlegungsfederteller ermöglichen eine verboten scharfe Optik und sind daher nicht im Bereich der StVZO zugelassen. FK empfiehlt ihnen, bei der Montage von Tieferlegungsfedertellern immer gleich die Domlager mit auszutauschen, um einen optimalen Fahrkomfort zu gewährleisten. Domlager finden sie wie die Tieferlegungsfederteller neben anderen Produkten für das Fahrwerk Tuning wie Federwegsbegrenzer, Tieferlegungsfedern oder Domstreben im FK Automotive-Onlineshop.<span style="display: inline-block; width: 0px; overflow: hidden; line-height: 0;" data-mce-type="bookmark" class="mce_SELRES_start">﻿</span></p>

<p>für VW Polo (6N)TieferlegungsfedertellerBeste QualitätEinbau an der VorderachseMehr FahrspaßIdeal in Kombination mit Tieferlegungsfedernfür Baujahr:8.94-10.99Nicht im Bereich der StVZO zugelassenTieferlegung ca. 10-15 mmfür VW Polo (6N)TieferlegungsfedertellerBeste QualitätEinbau an der VorderachseMehr FahrspaßIdeal in Kombination mit Tieferlegungsfedernfür Baujahr:8.94-10.99Nicht im Bereich der StVZO zugelassenTieferlegung ca. 10-15 mm</p>
