{"id":29891,"date":"2025-01-02T02:03:11","date_gmt":"2025-01-02T01:03:11","guid":{"rendered":"http:\/\/automotive.system199.de\/shop\/produkt\/verschleissteile-scheinwerfer-rechts-alfa-romeo-156-typ-932-97-03-schwarz\/"},"modified":"2025-01-02T02:03:15","modified_gmt":"2025-01-02T01:03:15","slug":"verschleissteile-scheinwerfer-rechts-alfa-romeo-156-typ-932-97-03-schwarz","status":"publish","type":"product","link":"https:\/\/car-2.de\/shop\/produkt\/verschleissteile-scheinwerfer-rechts-alfa-romeo-156-typ-932-97-03-schwarz\/","title":{"rendered":"Verschlei\u00dfteile Scheinwerfer rechts Alfa Romeo 156 Typ 932  97-03 schwarz"},"content":{"rendered":"<p><span style=\"display: inline-block; width: 0px; overflow: hidden; line-height: 0;\" data-mce-type=\"bookmark\" class=\"mce_SELRES_start\">\ufeff<\/span><\/p>\n","protected":false},"excerpt":{"rendered":"<p>f\u00fcr Alfa Romeo 156f\u00fcr Baujahr:1997 bis 2003mit E Pr\u00fcfzeichen (eintragungsfrei)mit elektr. Leuchtweitenregulierung ohne StellmotorBeifahrerseite\/rechtsDesign ScheinwerferFarbe: schwarzf\u00fcr Alfa Romeo 156f\u00fcr Baujahr:1997 bis 2003mit E Pr\u00fcfzeichen (eintragungsfrei)mit elektr. Leuchtweitenregulierung ohne StellmotorBeifahrerseite\/rechtsDesign ScheinwerferFarbe: schwarz<\/p>\n","protected":false},"featured_media":48501,"comment_status":"closed","ping_status":"open","template":"","meta":[],"product_brand":[],"product_cat":[633,634],"product_tag":[],"class_list":{"0":"post-29891","1":"product","2":"type-product","3":"status-publish","4":"has-post-thumbnail","6":"product_cat-beleuchtung-tuning","7":"product_cat-scheinwerfer","8":"pa_kfz-hersteller-alfa-romeo","9":"pa_kfz-modell-1247","11":"first","12":"instock","13":"purchasable","14":"product-type-simple"},"_links":{"self":[{"href":"https:\/\/car-2.de\/shop\/wp-json\/wp\/v2\/product\/29891","targetHints":{"allow":["GET"]}}],"collection":[{"href":"https:\/\/car-2.de\/shop\/wp-json\/wp\/v2\/product"}],"about":[{"href":"https:\/\/car-2.de\/shop\/wp-json\/wp\/v2\/types\/product"}],"replies":[{"embeddable":true,"href":"https:\/\/car-2.de\/shop\/wp-json\/wp\/v2\/comments?post=29891"}],"wp:featuredmedia":[{"embeddable":true,"href":"https:\/\/car-2.de\/shop\/wp-json\/wp\/v2\/media\/48501"}],"wp:attachment":[{"href":"https:\/\/car-2.de\/shop\/wp-json\/wp\/v2\/media?parent=29891"}],"wp:term":[{"taxonomy":"product_brand","embeddable":true,"href":"https:\/\/car-2.de\/shop\/wp-json\/wp\/v2\/product_brand?post=29891"},{"taxonomy":"product_cat","embeddable":true,"href":"https:\/\/car-2.de\/shop\/wp-json\/wp\/v2\/product_cat?post=29891"},{"taxonomy":"product_tag","embeddable":true,"href":"https:\/\/car-2.de\/shop\/wp-json\/wp\/v2\/product_tag?post=29891"}],"curies":[{"name":"wp","href":"https:\/\/api.w.org\/{rel}","templated":true}]}}

Verschleißteile Scheinwerfer rechts Alfa Romeo 156 Typ 932  97-03 schwarz

<p>für Alfa Romeo 156für Baujahr:1997 bis 2003mit E Prüfzeichen (eintragungsfrei)mit elektr. Leuchtweitenregulierung ohne StellmotorBeifahrerseite/rechtsDesign ScheinwerferFarbe: schwarzfür Alfa Romeo 156für Baujahr:1997 bis 2003mit E Prüfzeichen (eintragungsfrei)mit elektr. Leuchtweitenregulierung ohne StellmotorBeifahrerseite/rechtsDesign ScheinwerferFarbe: schwarz</p>
