{"id":29883,"date":"2025-01-10T13:26:52","date_gmt":"2025-01-10T12:26:52","guid":{"rendered":"http:\/\/automotive.system199.de\/shop\/produkt\/scheinwerfer-set-angel-eyes-vw-golf-3-typ-1hxo-1-exo-91-97-schwarz\/"},"modified":"2025-01-10T13:26:53","modified_gmt":"2025-01-10T12:26:53","slug":"scheinwerfer-set-angel-eyes-vw-golf-3-typ-1hxo-1-exo-91-97-schwarz","status":"publish","type":"product","link":"https:\/\/car-2.de\/shop\/produkt\/scheinwerfer-set-angel-eyes-vw-golf-3-typ-1hxo-1-exo-91-97-schwarz\/","title":{"rendered":"Scheinwerfer Set Angel Eyes VW Golf 3 Typ 1HXO, 1 EXO  91-97 schwarz"},"content":{"rendered":"<p>Scheinwerfer Angel Eyes VW Golf 3 Typ 1HXO, 1 EXO Bj. 91-97 schwarzDie Angel Eyes Scheinwerfer geh\u00f6ren zu den Cultscheinwefer und versch\u00f6nern nicht nur die Optik des Fahrzeuges bei Tag sondern auch bei Nacht! Die sogenannten Engelaugen lassen Ihr Auto in einer ganz neuen Optik erstrahlen. Bei den Scheinwerfer sehen Sie um den Reflektor eine runden Ring, der mit dahinterliegenden Birnen beleuchtet wird. Im Regelfall hat der Scheinwerfer zwei beleuchtete Angel Eyes Ringe was zu einer sportlichen oder auch aggressiveren Optik f\u00fchrt.KEINE KOSTEN EINTRAGUNGSFREI: Die Angel Eyes Scheinwerfer werden mit e-Zeichen ausgeliefert und sind somit eintragungsfrei. GERINGE EINBAUKOSTEN: Die Angel Eyes Scheinwerfer k\u00f6nnen problemlos von jeder Fachwerkstatt binnen ca. 2 Stunden eingebaut werden. Einbauanleitung: Die Scheinwerfer werden komplett mit Kabelbaum und einer &#8222;englischen&#8220; Einbauanleitung ausgeliefert. Die Qualit\u00e4t: der Scheinwerfer ist mit Erstausr\u00fcsterqualit\u00e4t zu vergleichen und werden von namhaften Produzenten f\u00fcr den Tuningbereich produziert. Der Preis: Im Regelfall sind diese Tuningscheinwerfer immer g\u00fcnstiger als die Originalen Scheinwerfer. Hier lohnt sich ein Preischeck, selbst wenn nur im Falle einen Unfalls nur ein Scheinwerfer defekt sein sollte. Die Angel Eyes Scheinwerfer sind eine g\u00fcnstige Umr\u00fcstm\u00f6glichkeit im Falle eines Unfalls oder eine Nachr\u00fcstung.Die Scheinwerfer Technik: Die Scheinwerfer sind nicht nur technisch sondern auch optisch ausgereift und sind im \u00fcbrigen schon 100.000 fach erfolgreich weltweit eingebaut. Sie m\u00f6chten Ihrem Fahrzeug eine sportliche Note geben? Dann sollten Sie gleich dieses tolle Scheinwerferset bestellen.Weitere Ausf\u00fchrungsdetails: Scheinwerfer Klarglasoptik mit transparenter Streuscheibeverbesserte Lichtausbeute durch Klarglasscheibe und verbesserter Refeltorenwenn nicht anders angegeben inkl. elektrischer LWR ( Leuchtweitenregulierung ) Anschluss erfolgt \u00fcber fahrzeugspezifischen Stecker Leuchtmittel sind im Lieferumfang nicht enthaltenkeine Eintragung und Eintragungskosten in die Papiere n\u00f6tig, da mit &#8222;E&#8220; Pr\u00fcfzeichen versehen Einfache Montage da die Original Scheinwerfer Befestigungspunkte des Fahrzeugs verwendet !Lange Lebensdauer durch die Verwendung von hochwertigen Material und ChormbeschichtungenLieferumfang:1 Satz Scheinwerfer ( links + rechts )<span style=\"display: inline-block; width: 0px; overflow: hidden; line-height: 0;\" data-mce-type=\"bookmark\" class=\"mce_SELRES_start\">\ufeff<\/span><\/p>\n","protected":false},"excerpt":{"rendered":"<p>f\u00fcr Baujahr: 1991 bis 1997Farbe: schwarzmit E Pr\u00fcfzeichen (eintragungsfrei)manuelle Leuchtweitenregulierung ohne StellmotorLeuchtmittel: 2xH7\/6xW5WAngel Eyes Scheinwerfer VW Golf 3Top Qualit\u00e4t und Designf\u00fcr Baujahr: 1991 bis 1997Farbe: schwarzmit E Pr\u00fcfzeichen (eintragungsfrei)manuelle Leuchtweitenregulierung ohne StellmotorLeuchtmittel: 2xH7\/6xW5WAngel Eyes Scheinwerfer VW Golf 3Top Qualit\u00e4t und Design<\/p>\n","protected":false},"featured_media":48456,"comment_status":"closed","ping_status":"open","template":"","meta":[],"product_brand":[],"product_cat":[633,634],"product_tag":[],"class_list":{"0":"post-29883","1":"product","2":"type-product","3":"status-publish","4":"has-post-thumbnail","6":"product_cat-beleuchtung-tuning","7":"product_cat-scheinwerfer","8":"pa_kfz-hersteller-vw","9":"pa_kfz-modell-golf-3","11":"first","12":"instock","13":"purchasable","14":"product-type-simple"},"_links":{"self":[{"href":"https:\/\/car-2.de\/shop\/wp-json\/wp\/v2\/product\/29883","targetHints":{"allow":["GET"]}}],"collection":[{"href":"https:\/\/car-2.de\/shop\/wp-json\/wp\/v2\/product"}],"about":[{"href":"https:\/\/car-2.de\/shop\/wp-json\/wp\/v2\/types\/product"}],"replies":[{"embeddable":true,"href":"https:\/\/car-2.de\/shop\/wp-json\/wp\/v2\/comments?post=29883"}],"wp:featuredmedia":[{"embeddable":true,"href":"https:\/\/car-2.de\/shop\/wp-json\/wp\/v2\/media\/48456"}],"wp:attachment":[{"href":"https:\/\/car-2.de\/shop\/wp-json\/wp\/v2\/media?parent=29883"}],"wp:term":[{"taxonomy":"product_brand","embeddable":true,"href":"https:\/\/car-2.de\/shop\/wp-json\/wp\/v2\/product_brand?post=29883"},{"taxonomy":"product_cat","embeddable":true,"href":"https:\/\/car-2.de\/shop\/wp-json\/wp\/v2\/product_cat?post=29883"},{"taxonomy":"product_tag","embeddable":true,"href":"https:\/\/car-2.de\/shop\/wp-json\/wp\/v2\/product_tag?post=29883"}],"curies":[{"name":"wp","href":"https:\/\/api.w.org\/{rel}","templated":true}]}}