{"id":29496,"date":"2025-01-02T02:01:33","date_gmt":"2025-01-02T01:01:33","guid":{"rendered":"http:\/\/automotive.system199.de\/shop\/produkt\/sportstossdaempfer-high-tec-rover-200-400-2144149016-20-rf-vorderachse-links\/"},"modified":"2025-01-02T02:01:36","modified_gmt":"2025-01-02T01:01:36","slug":"sportstossdaempfer-high-tec-rover-200-400-2144149016-20-rf-vorderachse-links","status":"publish","type":"product","link":"https:\/\/car-2.de\/shop\/produkt\/sportstossdaempfer-high-tec-rover-200-400-2144149016-20-rf-vorderachse-links\/","title":{"rendered":"Sportsto\u00dfd\u00e4mpfer High Tec ROVER 200\/400 214,414,9016\/20 RF (Vorderachse links)"},"content":{"rendered":"<p>Die Sto\u00dfd\u00e4mpfer und High Tec Sportsto\u00dfd\u00e4mpfer unseres FK Onlineshops f\u00fcr Tuning und sportliches Autozubeh\u00f6r haben einen verk\u00fcrzten Hub, und garantieren somit in jeder Situation f\u00fcr eine ausreichende Vorspannung der Feder. Eine Vielzahl der Sportsto\u00dfd\u00e4mpfer haben zudem verk\u00fcrzte Sto\u00dfd\u00e4mpfergeh\u00e4use, damit Sie auch bei gr\u00f6\u00dferen Tieferlegungen trotzdem noch in den Genuss von einem ausreichendem Restfederweg kommen, und Sie trotz Tieferlegung noch Fahrkomfort besitzen. Zus\u00e4tzlich haben unsere Sportsto\u00dfd\u00e4mpfer &#8211; soweit es die Bauart erm\u00f6glicht \u0096 eine 7-fache Nutenverstellung auf der Hinterachse. Unsere Sportsto\u00dfd\u00e4mpfer werden bei f\u00fchrenden Sto\u00dfd\u00e4mpferherstellern nach unseren technischen \u00c4nderungen und Abstimmungen exklusiv f\u00fcr FK produziert. Auf diesem Weg erhalten Sie eine hohe Qualit\u00e4t zu g\u00fcnstigen Konditionen. Die bei uns erh\u00e4ltlichen Sto\u00dfd\u00e4mpfer und Sportsto\u00dfd\u00e4mpfer k\u00f6nnen mit nahezu allen Federn verwendet werden, seien es die High Tec Federn die ebenfalls bei uns im Onlineshop erh\u00e4ltlich sind und besonders gut mit unseren Sportsto\u00dfd\u00e4mpfern harmonieren, oder die Federn anderer Hersteller, bis hin zu den Originalfedern. Diese Kombinationen erm\u00f6glichen eine bessere Optik, eine straffere und direkte Lenkung und somit ein besseres Kurvenverhalten. Im Allgemeinen werden Sie feststellen, dass sich Ihr Fahrzeug deutlich sportlicher fahren l\u00e4sst als zuvor. F\u00fcr das ultimative Sportfeeling empfehlen wir Ihnen, sich gleich ein komplettes Sportfahrwerk anzuschaffen. Hier sind die Sportsto\u00dfd\u00e4mpfer bereits mit den qualitativ hochwertigen High Tec Federn aus unserem Hause bereits kombiniert, und somit bestens aufeinander abgestimmt. Diese gibt es in den Variationen Silverline X, AK, Highsport, K\u00f6nigsport, Silverline, Streetline, Sport Edition Plus und Sonderedition. Diese bieten ebenso wie unsere High Tec Sportsto\u00dfd\u00e4mpfer f\u00fcr alle Bed\u00fcrfnisse einen erh\u00f6hten Fahrspa\u00df bei Qualit\u00e4t und einem hervorragenden Preis- Leistungsverh\u00e4ltnis. Die Sto\u00dfd\u00e4mpfer sind einzeln oder auch als Set erh\u00e4ltlich!<span style=\"display: inline-block; width: 0px; overflow: hidden; line-height: 0;\" data-mce-type=\"bookmark\" class=\"mce_SELRES_start\">\ufeff<\/span><\/p>\n","protected":false},"excerpt":{"rendered":"<p>f\u00fcr Rover 200 (RF)f\u00fcr Baujahr: 05.1996 bis 2000mit ZulassungVorderachse linksbeste Verarbeitungstraffe Abstimmungbesseres Kurvenverhaltenmehr Fahrspa\u00dff\u00fcr Rover 200 (RF)f\u00fcr Baujahr: 05.1996 bis 2000mit ZulassungVorderachse linksbeste Verarbeitungstraffe Abstimmungbesseres Kurvenverhaltenmehr Fahrspa\u00df<\/p>\n","protected":false},"featured_media":46871,"comment_status":"closed","ping_status":"open","template":"","meta":[],"product_brand":[],"product_cat":[641,642],"product_tag":[],"class_list":{"0":"post-29496","1":"product","2":"type-product","3":"status-publish","4":"has-post-thumbnail","6":"product_cat-fahrwerk-tuning","7":"product_cat-fahrwerk-zubehoer","8":"pa_kfz-hersteller-rover","9":"pa_kfz-modell-200-hatchback-rf","10":"pa_kfz-modell-200-schraegheck-rf","11":"pa_kfz-modell-25-rf","13":"first","14":"instock","15":"purchasable","16":"product-type-simple"},"_links":{"self":[{"href":"https:\/\/car-2.de\/shop\/wp-json\/wp\/v2\/product\/29496","targetHints":{"allow":["GET"]}}],"collection":[{"href":"https:\/\/car-2.de\/shop\/wp-json\/wp\/v2\/product"}],"about":[{"href":"https:\/\/car-2.de\/shop\/wp-json\/wp\/v2\/types\/product"}],"replies":[{"embeddable":true,"href":"https:\/\/car-2.de\/shop\/wp-json\/wp\/v2\/comments?post=29496"}],"wp:featuredmedia":[{"embeddable":true,"href":"https:\/\/car-2.de\/shop\/wp-json\/wp\/v2\/media\/46871"}],"wp:attachment":[{"href":"https:\/\/car-2.de\/shop\/wp-json\/wp\/v2\/media?parent=29496"}],"wp:term":[{"taxonomy":"product_brand","embeddable":true,"href":"https:\/\/car-2.de\/shop\/wp-json\/wp\/v2\/product_brand?post=29496"},{"taxonomy":"product_cat","embeddable":true,"href":"https:\/\/car-2.de\/shop\/wp-json\/wp\/v2\/product_cat?post=29496"},{"taxonomy":"product_tag","embeddable":true,"href":"https:\/\/car-2.de\/shop\/wp-json\/wp\/v2\/product_tag?post=29496"}],"curies":[{"name":"wp","href":"https:\/\/api.w.org\/{rel}","templated":true}]}}