{"id":29470,"date":"2025-01-02T02:01:25","date_gmt":"2025-01-02T01:01:25","guid":{"rendered":"http:\/\/automotive.system199.de\/shop\/produkt\/sportstossdaempfer-high-tec-ford-focus-10-98-vorderachse-rechts\/"},"modified":"2025-01-02T02:01:27","modified_gmt":"2025-01-02T01:01:27","slug":"sportstossdaempfer-high-tec-ford-focus-10-98-vorderachse-rechts","status":"publish","type":"product","link":"https:\/\/car-2.de\/shop\/produkt\/sportstossdaempfer-high-tec-ford-focus-10-98-vorderachse-rechts\/","title":{"rendered":"Sportsto\u00dfd\u00e4mpfer High Tec Ford Focus  10.98 &#8211; (Vorderachse rechts)"},"content":{"rendered":"<p>Sportsto\u00dfd\u00e4mpfer High Tec Ford Focus:Sto\u00dfd\u00e4mpfersind nicht nur daf\u00fcr da, um das Auto auf der Stra\u00dfe zu halten. Zu der Leistungssteigerung kommt noch ein optisches Kriterium.Doch je tiefer das Auto und umso schlechter dieStra\u00dfen umso schneller setzt das geliebte Fahrzeug auch auf. Die L\u00f6sung bietendie HighTec Sportsto\u00dfd\u00e4mpfer unseres FK Onlineshops. H\u00e4rtere D\u00e4mfungskennlinien sorgen f\u00fcr einen verk\u00fcrztenAusfederweg. Oder anders gesagt, der Kolbenstangenaushub ist verk\u00fcrzt, damit dieTieferlegungsfedern die erforderliche Spannung erhalten.EineVielzahl unserer Sportsto\u00dfd\u00e4mpfer haben zudem verk\u00fcrzte Sto\u00dfd\u00e4mpfergeh\u00e4use, damitSie auch bei gr\u00f6\u00dferen Tieferlegungen trotzdem noch in den Genuss von einemausreichendem Restfederweg kommen, und Sie trotz Tieferlegung noch Fahrkomfortbesitzen. Zus\u00e4tzlich haben unsere Sportsto\u00dfd\u00e4mpfer &#8211; soweit es die Bauarterm\u00f6glicht \u2013 eine 7-fache Nutenverstellung auf der Hinterachse. &nbsp;Vorteile:&nbsp;Bessere OptikEin besseres Kurvenverhalten durch eine straffere und direktere LenkungGen\u00fcgend Restfederweg dank einem verk\u00fcrten Sto\u00dfd\u00e4mpfergeh\u00e4useDas Auto l\u00e4sst sich sportlicher fahrenSehr hohe Qualit\u00e4t Wird von f\u00fchrenden Sto\u00dfd\u00e4mpferherstellern f\u00fcr FK produziertOptimales Preis-Leistungsverh\u00e4ltnisTechnische Daten: Gek\u00fcrzter Sto\u00dfd\u00e4mpferGewicht: 4kg&nbsp;F\u00fcr Ford FocusVorderachse rechtsBaujahr 10.1998-Lieferumfang:1 Sportsto\u00dfd\u00e4mpferAus eigenemInteresse sollte aber darauf geachtet werden, dass alle Teile(Tieferlegungsfedern, Sportsto\u00dfd\u00e4mpfer&#8230;) optimal und sicheraufeinander abgestimmt sind! F\u00fcrdas ultimative Sportfeeling empfehlen wir Ihnen, sich gleich ein komplettes Sportfahrwerk anzuschaffen. Hier sind die Sportsto\u00dfd\u00e4mpfer bereits mit denqualitativ hochwertigen High Tec Federn aus unserem Hause bereits kombiniert,und somit bestens aufeinander abgestimmt. Sollten Sie noch mehr Interesse an Rennsport- und Leistungstuninghaben, finden Sie in unserem Online-Shop noch eine Menge weiterer Artikel aus diesem Bereich, wie zum Beispiel Cockpit Schalter, Haubenhalter, Leistungssteigerungen, Motorraumabdeckungen,\u00d6lk\u00fchler, Renn-, Kart- und Servicebekleidung, Rennsport Gurte, Rennsport Sitze und\u00dcberrollb\u00fcgel. Schauen Sie einfach malvorbei und \u00fcberzeugen Sie sich selbst!&nbsp;<span style=\"display: inline-block; width: 0px; overflow: hidden; line-height: 0;\" data-mce-type=\"bookmark\" class=\"mce_SELRES_start\">\ufeff<\/span><\/p>\n","protected":false},"excerpt":{"rendered":"<p>f\u00fcr Ford Focus 2 (C307)f\u00fcr Baujahr: ab 10.1998mit ZulassungVorderachse rechtsbeste Verarbeitungstraffe Abstimmungbesseres Kurvenverhaltenmehr Fahrspa\u00dff\u00fcr Ford Focus 2 (C307)f\u00fcr Baujahr: ab 10.1998mit ZulassungVorderachse rechtsbeste Verarbeitungstraffe Abstimmungbesseres Kurvenverhaltenmehr Fahrspa\u00df<\/p>\n","protected":false},"featured_media":46721,"comment_status":"closed","ping_status":"open","template":"","meta":[],"product_brand":[],"product_cat":[641,642],"product_tag":[],"class_list":{"0":"post-29470","1":"product","2":"type-product","3":"status-publish","4":"has-post-thumbnail","6":"product_cat-fahrwerk-tuning","7":"product_cat-fahrwerk-zubehoer","8":"pa_kfz-hersteller-ford","9":"pa_kfz-modell-focus-daw-dbw","10":"pa_kfz-modell-focus-stufenheck-dfw","11":"pa_kfz-modell-focus-turnier-dnw","13":"first","14":"instock","15":"purchasable","16":"product-type-simple"},"_links":{"self":[{"href":"https:\/\/car-2.de\/shop\/wp-json\/wp\/v2\/product\/29470","targetHints":{"allow":["GET"]}}],"collection":[{"href":"https:\/\/car-2.de\/shop\/wp-json\/wp\/v2\/product"}],"about":[{"href":"https:\/\/car-2.de\/shop\/wp-json\/wp\/v2\/types\/product"}],"replies":[{"embeddable":true,"href":"https:\/\/car-2.de\/shop\/wp-json\/wp\/v2\/comments?post=29470"}],"wp:featuredmedia":[{"embeddable":true,"href":"https:\/\/car-2.de\/shop\/wp-json\/wp\/v2\/media\/46721"}],"wp:attachment":[{"href":"https:\/\/car-2.de\/shop\/wp-json\/wp\/v2\/media?parent=29470"}],"wp:term":[{"taxonomy":"product_brand","embeddable":true,"href":"https:\/\/car-2.de\/shop\/wp-json\/wp\/v2\/product_brand?post=29470"},{"taxonomy":"product_cat","embeddable":true,"href":"https:\/\/car-2.de\/shop\/wp-json\/wp\/v2\/product_cat?post=29470"},{"taxonomy":"product_tag","embeddable":true,"href":"https:\/\/car-2.de\/shop\/wp-json\/wp\/v2\/product_tag?post=29470"}],"curies":[{"name":"wp","href":"https:\/\/api.w.org\/{rel}","templated":true}]}}