{"id":29406,"date":"2025-01-02T02:00:58","date_gmt":"2025-01-02T01:00:58","guid":{"rendered":"http:\/\/automotive.system199.de\/shop\/produkt\/scheinwerferblenden-set-subaru-impreza-gfc-gc-gf-10-1998-12-2000-boeser-blick\/"},"modified":"2025-01-02T02:01:03","modified_gmt":"2025-01-02T01:01:03","slug":"scheinwerferblenden-set-subaru-impreza-gfc-gc-gf-10-1998-12-2000-boeser-blick","status":"publish","type":"product","link":"https:\/\/car-2.de\/shop\/produkt\/scheinwerferblenden-set-subaru-impreza-gfc-gc-gf-10-1998-12-2000-boeser-blick\/","title":{"rendered":"Scheinwerferblenden Set Subaru Impreza (GFC\/GC\/GF)  10.1998-12.2000 B\u00f6ser Blick"},"content":{"rendered":"<p>Suchen Sie nach einer schnellen und einfachen M\u00f6glichkeit um Ihrem Fahrzeug einen aggressiveren und dynamischeren Look zu verleihen? Dann sollten Sie es vielleicht einmal mit unseren Scheinwerferblenden versuchen &#8211; Ein kleines Teil mit gro\u00dfem Effekt! Wir bieten in unserem Online Shop eine gro\u00dfe Auswahl an Scheinwerferblenden f\u00fcr eine Vielzahl von Automarken und Fahrzeugmodellen an. Unsere Scheinwerferblenden werden entweder mit dem hochwertigen ABS-Spritzgussverfahren produziert oder sie werden aus PU-Material gefertigt. Sie k\u00f6nnen die Scheinwerferblenden zudem zum Teil, je nach Geschmack, als kurze oder lange Variante erhalten. Die Meisten unserer Scheinwerferblenden erhalten Sie mit Gutachten, so dass Sie problemlos eine Zulassung erhalten k\u00f6nnen. Selbstverst\u00e4ndlich werden unsere Scheinwerferblenden im Set, f\u00fcr den linken und den rechten Scheinwerfer, geliefert. Unsere Scheinwerferblenden sind passgenau f\u00fcr die Scheinwerfer und die Abstandsma\u00dfe des jeweiligen Fahrzeugmodells gefertigt, was Ihnen ein optimales Ergebnis erm\u00f6glicht. Die Montage der Scheinwerferblenden erfolgt in der Regel durch direktes Aufkleben auf den Scheinwerfer. Da Klebstoff nur eine begrenzte Haltbarkeitsdauer hat, ist der entsprechende Klebstoff in der Regel nicht im Lieferumfang enthalten. Es ist daher erforderlich sich den Klebstoff, kurz vor der Montage, bei ihrem Teileh\u00e4ndler vor Ort zu bestellen. Setzen Sie ein optisches Highlight mit unseren Scheinwerferblenden. Falls Sie sich eine noch st\u00e4rkere optische Ver\u00e4nderung ihres Fahrzeugs w\u00fcnschen, sind wir auch daf\u00fcr bestens ger\u00fcstet, wir k\u00f6nnen Ihnen eine Vielzahl an Tuning Artikeln in unserem Online Shop anbieten. Wenn Sie Fragen zu den Artikeln haben, beraten wir Sie gerne, f\u00fcllen Sie einfach das Kontaktformular auf unserer Homepage aus und einer unserer Experten meldet sich bei Ihnen.<span style=\"display: inline-block; width: 0px; overflow: hidden; line-height: 0;\" data-mce-type=\"bookmark\" class=\"mce_SELRES_start\">\ufeff<\/span><\/p>\n","protected":false},"excerpt":{"rendered":"<p>f\u00fcr Subaru Impreza (GFC,GC,GF)f\u00fcr Baujahr:10.1998 bis 12.2000mit GutachtenMaterial: ABS SpritzgussLieferung als SetMontagekleber nicht im Lieferumfang enthaltenVerleiht aggressive OptikHochwertiges MaterialHohe PassgenauigkeitTop Verarbeitungf\u00fcr Subaru Impreza (GFC,GC,GF)f\u00fcr Baujahr:10.1998 bis 12.2000mit GutachtenMaterial: ABS SpritzgussLieferung als SetMontagekleber nicht im Lieferumfang enthaltenVerleiht aggressive OptikHochwertiges MaterialHohe PassgenauigkeitTop Verarbeitung<\/p>\n","protected":false},"featured_media":46381,"comment_status":"closed","ping_status":"open","template":"","meta":[],"product_brand":[],"product_cat":[649,637,650],"product_tag":[],"class_list":{"0":"post-29406","1":"product","2":"type-product","3":"status-publish","4":"has-post-thumbnail","6":"product_cat-grill-tuning","7":"product_cat-sale","8":"product_cat-scheinwerferblenden","9":"pa_kfz-hersteller-subaru","10":"pa_kfz-modell-impreza-gfcgcgf","12":"first","13":"instock","14":"purchasable","15":"product-type-simple"},"_links":{"self":[{"href":"https:\/\/car-2.de\/shop\/wp-json\/wp\/v2\/product\/29406","targetHints":{"allow":["GET"]}}],"collection":[{"href":"https:\/\/car-2.de\/shop\/wp-json\/wp\/v2\/product"}],"about":[{"href":"https:\/\/car-2.de\/shop\/wp-json\/wp\/v2\/types\/product"}],"replies":[{"embeddable":true,"href":"https:\/\/car-2.de\/shop\/wp-json\/wp\/v2\/comments?post=29406"}],"wp:featuredmedia":[{"embeddable":true,"href":"https:\/\/car-2.de\/shop\/wp-json\/wp\/v2\/media\/46381"}],"wp:attachment":[{"href":"https:\/\/car-2.de\/shop\/wp-json\/wp\/v2\/media?parent=29406"}],"wp:term":[{"taxonomy":"product_brand","embeddable":true,"href":"https:\/\/car-2.de\/shop\/wp-json\/wp\/v2\/product_brand?post=29406"},{"taxonomy":"product_cat","embeddable":true,"href":"https:\/\/car-2.de\/shop\/wp-json\/wp\/v2\/product_cat?post=29406"},{"taxonomy":"product_tag","embeddable":true,"href":"https:\/\/car-2.de\/shop\/wp-json\/wp\/v2\/product_tag?post=29406"}],"curies":[{"name":"wp","href":"https:\/\/api.w.org\/{rel}","templated":true}]}}