{"id":29371,"date":"2025-01-02T02:00:51","date_gmt":"2025-01-02T01:00:51","guid":{"rendered":"http:\/\/automotive.system199.de\/shop\/produkt\/zusatzinstrument-vacuum-serie-25-universal-schwarz-weiss\/"},"modified":"2025-01-02T02:00:53","modified_gmt":"2025-01-02T01:00:53","slug":"zusatzinstrument-vacuum-serie-25-universal-schwarz-weiss","status":"publish","type":"product","link":"https:\/\/car-2.de\/shop\/produkt\/zusatzinstrument-vacuum-serie-25-universal-schwarz-weiss\/","title":{"rendered":"Zusatzinstrument Vacuum Serie 25 Universal, schwarz\/wei\u00df"},"content":{"rendered":"<p><span style=\"display: inline-block; width: 0px; overflow: hidden; line-height: 0;\" data-mce-type=\"bookmark\" class=\"mce_SELRES_start\">\ufeff<\/span><\/p>\n","protected":false},"excerpt":{"rendered":"<p>Farbe: schwarz\/wei\u00dfZulassungsfreiVacuum InstrumentGlas schwarz get\u00f6nt power weissDurchmesser: 60 mmTop Qualit\u00e4tTolles Designgut ablesbarFarbe: schwarz\/wei\u00dfZulassungsfreiVacuum InstrumentGlas schwarz get\u00f6nt power weissDurchmesser: 60 mmTop Qualit\u00e4tTolles Designgut ablesbar<\/p>\n","protected":false},"featured_media":46213,"comment_status":"closed","ping_status":"open","template":"","meta":[],"product_brand":[],"product_cat":[637],"product_tag":[],"class_list":{"0":"post-29371","1":"product","2":"type-product","3":"status-publish","4":"has-post-thumbnail","6":"product_cat-sale","8":"first","9":"instock","10":"purchasable","11":"product-type-simple"},"_links":{"self":[{"href":"https:\/\/car-2.de\/shop\/wp-json\/wp\/v2\/product\/29371","targetHints":{"allow":["GET"]}}],"collection":[{"href":"https:\/\/car-2.de\/shop\/wp-json\/wp\/v2\/product"}],"about":[{"href":"https:\/\/car-2.de\/shop\/wp-json\/wp\/v2\/types\/product"}],"replies":[{"embeddable":true,"href":"https:\/\/car-2.de\/shop\/wp-json\/wp\/v2\/comments?post=29371"}],"wp:featuredmedia":[{"embeddable":true,"href":"https:\/\/car-2.de\/shop\/wp-json\/wp\/v2\/media\/46213"}],"wp:attachment":[{"href":"https:\/\/car-2.de\/shop\/wp-json\/wp\/v2\/media?parent=29371"}],"wp:term":[{"taxonomy":"product_brand","embeddable":true,"href":"https:\/\/car-2.de\/shop\/wp-json\/wp\/v2\/product_brand?post=29371"},{"taxonomy":"product_cat","embeddable":true,"href":"https:\/\/car-2.de\/shop\/wp-json\/wp\/v2\/product_cat?post=29371"},{"taxonomy":"product_tag","embeddable":true,"href":"https:\/\/car-2.de\/shop\/wp-json\/wp\/v2\/product_tag?post=29371"}],"curies":[{"name":"wp","href":"https:\/\/api.w.org\/{rel}","templated":true}]}}