{"id":29273,"date":"2025-01-02T02:00:17","date_gmt":"2025-01-02T01:00:17","guid":{"rendered":"http:\/\/automotive.system199.de\/shop\/produkt\/fk-alupedale-pedale-set-3-teilig-mercedes-benz-c-e-s-klasse-pedalcover-autopedale-streifen-design\/"},"modified":"2025-01-02T02:00:20","modified_gmt":"2025-01-02T01:00:20","slug":"fk-alupedale-pedale-set-3-teilig-mercedes-benz-c-e-s-klasse-pedalcover-autopedale-streifen-design","status":"publish","type":"product","link":"https:\/\/car-2.de\/shop\/produkt\/fk-alupedale-pedale-set-3-teilig-mercedes-benz-c-e-s-klasse-pedalcover-autopedale-streifen-design\/","title":{"rendered":"FK Alupedale Pedale Set 3-teilig Mercedes Benz C-\/E-\/S-Klasse Pedalcover Autopedale Streifen-Design"},"content":{"rendered":"<p>Artikelbeschreibung:Innenraumtuning vom Feinsten bieten Ihnen diese attraktiven Pedalcovern, die jedes getunte Fahrzeug optisch perfektionieren!Sie werden aus hochwertigem Aluminium gefertigt und verbessern die Fahrsicherheit durch spezielle, rutschhemmende Oberfl\u00e4chen.Mit den Pedal-Applikationen von FK verpassen Sie Ihrem sonst eher wenig beachteten Fu\u00dfraum ein absolutes Highlight!G\u00f6nnen Sie Ihren Pedalen dieses sportliche Outfit und sich selbst ein neues,intensives Fahrerlebnis!Details:- f\u00fcr eine sportliche Optik im Innenraum des Fahrzeugs- rutschhemmende Oberfl\u00e4chen f\u00fcr optimalen Grip und verbesserte Fahrsicherheit- Pedale werden speziell f\u00fcr bestimmte Automodelle entwickelt- hohe Passgenauigkeit- Extrem hohe Lebensdauer durch Verwendung von hochwertigem, mattem Aluminium- einfache Montage da die Auflagen nur verschraubt werden.- eine Zulassung wird nicht ben\u00f6tigt- sehr gutes Preis-Leistungsverh\u00e4ltnis- qualitativ hochwertige Verarbeitung- Neu und OVP- Sofort lieferbarLieferumfang:1x FK Pedalcover-Set (inkl. Montagezubeh\u00f6r)1x FK AdapterHinweise:Die Darstellung von Farben variiert je nach genutzter Computerhardware und der Kalibrierung Ihres Monitores. Farbabweichungen zwischen Produktabbildung und realem Artikel sind physikalisch bedingt und nicht vermeidbar.Wir weisen darauf hin, dass wir f\u00fcr Einbauprobleme oder erh\u00f6hten Zeitbedarf bei der Pedalcover-Montage keine Haftung \u00fcbernehmen.Wissenswertes:Einbauanleitung: Die Pedalcover werden einfach auf die vorhandenen Originalen-Pedale aufgeschraubt und sind in ca. 15 Min. montiert.Wir freuen uns auf Ihren Besuch in unserem Online-Shop. Dort finden Sie ein breites Sortiment an Artikeln aus dem Bereich Rennsport- und Leistungstuning, wie zum Beispiel Alarmanlagen,Feuerl\u00f6scher,Werkzeug, Batterie und Zubeh\u00f6r,Fahrzeugpflege Ventilkappen und FunkfernbedienungSchauen Sie einfach mal vorbei und \u00fcberzeugen Sie sich selbst!<span style=\"display: inline-block; width: 0px; overflow: hidden; line-height: 0;\" data-mce-type=\"bookmark\" class=\"mce_SELRES_start\">\ufeff<\/span><\/p>\n","protected":false},"excerpt":{"rendered":"<p>f\u00fcr Mercedes-Benz S-Klasse (221)geeignet f\u00fcr C-\/E-\/S-Klasse (Typ W202\/203\/124\/210\/211\/W140\/220)f\u00fcr Schaltgetrieberutschfeste Gummistreifenohne Teilegutachtenf\u00fcr eine optische Aufwertung des InnenraumsSet besteht aus Cover f\u00fcr Gaspedal, Bremse und Kupplungf\u00fcr Mercedes-Benz S-Klasse (221)geeignet f\u00fcr C-\/E-\/S-Klasse (Typ W202\/203\/124\/210\/211\/W140\/220)f\u00fcr Schaltgetrieberutschfeste Gummistreifenohne Teilegutachtenf\u00fcr eine optische Aufwertung des InnenraumsSet besteht aus Cover f\u00fcr Gaspedal, Bremse und Kupplung<\/p>\n","protected":false},"featured_media":46101,"comment_status":"closed","ping_status":"open","template":"","meta":[],"product_brand":[],"product_cat":[659],"product_tag":[],"class_list":{"0":"post-29273","1":"product","2":"type-product","3":"status-publish","4":"has-post-thumbnail","6":"product_cat-normale-versandkosten","7":"pa_kfz-hersteller-mercedes-benz","8":"pa_kfz-modell-s-klasse-221","10":"first","11":"instock","12":"purchasable","13":"product-type-simple"},"_links":{"self":[{"href":"https:\/\/car-2.de\/shop\/wp-json\/wp\/v2\/product\/29273","targetHints":{"allow":["GET"]}}],"collection":[{"href":"https:\/\/car-2.de\/shop\/wp-json\/wp\/v2\/product"}],"about":[{"href":"https:\/\/car-2.de\/shop\/wp-json\/wp\/v2\/types\/product"}],"replies":[{"embeddable":true,"href":"https:\/\/car-2.de\/shop\/wp-json\/wp\/v2\/comments?post=29273"}],"wp:featuredmedia":[{"embeddable":true,"href":"https:\/\/car-2.de\/shop\/wp-json\/wp\/v2\/media\/46101"}],"wp:attachment":[{"href":"https:\/\/car-2.de\/shop\/wp-json\/wp\/v2\/media?parent=29273"}],"wp:term":[{"taxonomy":"product_brand","embeddable":true,"href":"https:\/\/car-2.de\/shop\/wp-json\/wp\/v2\/product_brand?post=29273"},{"taxonomy":"product_cat","embeddable":true,"href":"https:\/\/car-2.de\/shop\/wp-json\/wp\/v2\/product_cat?post=29273"},{"taxonomy":"product_tag","embeddable":true,"href":"https:\/\/car-2.de\/shop\/wp-json\/wp\/v2\/product_tag?post=29273"}],"curies":[{"name":"wp","href":"https:\/\/api.w.org\/{rel}","templated":true}]}}