{"id":29072,"date":"2025-01-02T01:59:15","date_gmt":"2025-01-02T00:59:15","guid":{"rendered":"http:\/\/automotive.system199.de\/shop\/produkt\/radschrauben-set-10-stk-schaftlaenge-21mm-kegelbund-kurzkopf-silber-m12x15\/"},"modified":"2025-01-02T01:59:20","modified_gmt":"2025-01-02T00:59:20","slug":"radschrauben-set-10-stk-schaftlaenge-21mm-kegelbund-kurzkopf-silber-m12x15","status":"publish","type":"product","link":"https:\/\/car-2.de\/shop\/produkt\/radschrauben-set-10-stk-schaftlaenge-21mm-kegelbund-kurzkopf-silber-m12x15\/","title":{"rendered":"Radschrauben Set (10 Stk.) Schaftl\u00e4nge 21mm Kegelbund Kurzkopf silber M12x1,5"},"content":{"rendered":"<p>Qualitativ hochwertige Radschrauben finden sie im FK Automotive-Onlineshop. Radschrauben von FK Automotive zeichnen sich durch eine lange Haltbarkeit aus, da sie auch hochwertigem Stahl mit einer sehr hohen Materialg\u00fcte gefertigt werden. Sie kennen das sicher auch: Aufgrund des regelm\u00e4\u00dfigen Wechselns von Sommer- und Winterreifen kann es schnell einmal zum Verlust einer oder mehrerer Schrauben kommen. Aus diesem Grund bieten wir unseren Kunden FK Radschrauben nicht nur als Set, sondern auch einzeln an. Je nach Bedarf k\u00f6nnen Radschrauben in den Farben Schwarz-Chrom oder Chrom st\u00fcckgenau bestellt werden. Selbstverst\u00e4ndlich f\u00fchren wir diese Schrauben in verschiedenen Gr\u00f6\u00dfen und Varianten, so dass wir ihnen f\u00fcr jede Felge eine passgenaue Radschraube von FK Automotive anbieten k\u00f6nnen. So haben wir beispielsweise Modelle mit einem l\u00e4ngeren Gewinde, die auch f\u00fcr Fahrzeuge mit Spurverbreiterung\/Distanzscheiben geeignet sind. FK bietet die Radschrauben mit den unterschiedlichen Steigungen wie 1,25 sowie 1,5 mm an. Dies m\u00fcssen sie zwingend bei Ihrer Bestellung beachten. Auch ist es wichtig, dass sie sicher gehen, welchen Schraubentyp sie ben\u00f6tigen. FK bietet hier die Gewindevarianten M12 und M14 an. Ein n\u00e4chster wichtiger Punkt ist der, ob Sie Kugel- oder Kegelbundschrauben ben\u00f6tigen. Auch die Schrauben- und Schaftl\u00e4nge will ber\u00fccksichtigt sein. F\u00fcr Fahrzeuge von Porsche f\u00fchren wir gesonderte Radschrauben. Beim Einbau einer Spurverbreiterung sollten grunds\u00e4tzliche neue passende Radschrauben verwendet werden. Bestellen sie diese im noch heute im FK Automotive-Onlineshop und bekommen sie sie bis morgen geliefert! Wenn sie sich zum Beispiel f\u00fcr eine Spurverbreiterung \/ Distanzscheibe System A mit 20 mm von FK Automotive entschieden haben, so m\u00fcssen sie zu Ihrer Serienschraube 15mm Schrauben \/ Schaftl\u00e4nge hinzuaddieren, um die zu ihrer Spurverbreiterung passende Schraube zu ermitteln. Wenn Sie Spurverbreiterungen montieren, so m\u00fcssen die Schrauben immer ca. 6 Windungen in der Radnabe aufweisen. Auch zu Alufelgen sind die hochwertigen Radschrauben von FK Automotive ideal und der passende Ersatz f\u00fcr Original-Radschrauben. Alufelgen oder auch Abdeckkappen finden sie ebenfalls im FK Automotive-Onlineshop f\u00fcr modernes Tuning und sportliches Autozubeh\u00f6r.<span style=\"display: inline-block; width: 0px; overflow: hidden; line-height: 0;\" data-mce-type=\"bookmark\" class=\"mce_SELRES_start\">\ufeff<\/span><\/p>\n","protected":false},"excerpt":{"rendered":"<p>Radschrauben Set (10 Stk.)universell verwendbarKopf: KegelbundSchl\u00fcsselweite: 17 mmFarbe chromGewinde: M12 x 1,5Schaftl\u00e4nge: 21 mmF\u00fcr sicheren Sitzhochwertig und langlebigRadschrauben Set (10 Stk.)universell verwendbarKopf: KegelbundSchl\u00fcsselweite: 17 mmFarbe chromGewinde: M12 x 1,5Schaftl\u00e4nge: 21 mmF\u00fcr sicheren Sitzhochwertig und langlebig<\/p>\n","protected":false},"featured_media":45448,"comment_status":"closed","ping_status":"open","template":"","meta":[],"product_brand":[],"product_cat":[2034,2029],"product_tag":[],"class_list":{"0":"post-29072","1":"product","2":"type-product","3":"status-publish","4":"has-post-thumbnail","6":"product_cat-radschrauben-muttern-tuning-zubehoer","7":"product_cat-tuning-zubehoer","8":"pa_kfz-hersteller-universal","9":"pa_kfz-modell-universal","11":"first","12":"instock","13":"purchasable","14":"product-type-simple"},"_links":{"self":[{"href":"https:\/\/car-2.de\/shop\/wp-json\/wp\/v2\/product\/29072","targetHints":{"allow":["GET"]}}],"collection":[{"href":"https:\/\/car-2.de\/shop\/wp-json\/wp\/v2\/product"}],"about":[{"href":"https:\/\/car-2.de\/shop\/wp-json\/wp\/v2\/types\/product"}],"replies":[{"embeddable":true,"href":"https:\/\/car-2.de\/shop\/wp-json\/wp\/v2\/comments?post=29072"}],"wp:featuredmedia":[{"embeddable":true,"href":"https:\/\/car-2.de\/shop\/wp-json\/wp\/v2\/media\/45448"}],"wp:attachment":[{"href":"https:\/\/car-2.de\/shop\/wp-json\/wp\/v2\/media?parent=29072"}],"wp:term":[{"taxonomy":"product_brand","embeddable":true,"href":"https:\/\/car-2.de\/shop\/wp-json\/wp\/v2\/product_brand?post=29072"},{"taxonomy":"product_cat","embeddable":true,"href":"https:\/\/car-2.de\/shop\/wp-json\/wp\/v2\/product_cat?post=29072"},{"taxonomy":"product_tag","embeddable":true,"href":"https:\/\/car-2.de\/shop\/wp-json\/wp\/v2\/product_tag?post=29072"}],"curies":[{"name":"wp","href":"https:\/\/api.w.org\/{rel}","templated":true}]}}