{"id":28970,"date":"2025-01-02T01:59:05","date_gmt":"2025-01-02T00:59:05","guid":{"rendered":"http:\/\/automotive.system199.de\/shop\/produkt\/rueckleuchten-set-bmw-3er-limo-typ-e46-98-01-weiss-rot\/"},"modified":"2025-01-02T01:59:08","modified_gmt":"2025-01-02T00:59:08","slug":"rueckleuchten-set-bmw-3er-limo-typ-e46-98-01-weiss-rot","status":"publish","type":"product","link":"https:\/\/car-2.de\/shop\/produkt\/rueckleuchten-set-bmw-3er-limo-typ-e46-98-01-weiss-rot\/","title":{"rendered":"R\u00fcckleuchten Set BMW 3er Limo Typ E46  98-01 wei\u00df\/rot"},"content":{"rendered":"<p><span style=\"display: inline-block; width: 0px; overflow: hidden; line-height: 0;\" data-mce-type=\"bookmark\" class=\"mce_SELRES_start\">\ufeff<\/span><\/p>\n","protected":false},"excerpt":{"rendered":"<p>f\u00fcr Baujahr: 1998 bis 2001Farbe: wei\u00df\/rotmit E Pr\u00fcfzeichen (eintragungsfrei)R\u00fcckleuchten BMW 3er E46inkl. Kabelstrang1 Set bestehend aus 2 R\u00fcckleuchten Crystal Designf\u00fcr Baujahr: 1998 bis 2001Farbe: wei\u00df\/rotmit E Pr\u00fcfzeichen (eintragungsfrei)R\u00fcckleuchten BMW 3er E46inkl. Kabelstrang1 Set bestehend aus 2 R\u00fcckleuchten Crystal Design<\/p>\n","protected":false},"featured_media":45259,"comment_status":"closed","ping_status":"open","template":"","meta":[],"product_brand":[],"product_cat":[633,640],"product_tag":[],"class_list":{"0":"post-28970","1":"product","2":"type-product","3":"status-publish","4":"has-post-thumbnail","6":"product_cat-beleuchtung-tuning","7":"product_cat-rueckleuchten","8":"pa_kfz-hersteller-bmw","9":"pa_kfz-modell-3er-e46","11":"first","12":"instock","13":"purchasable","14":"product-type-simple"},"_links":{"self":[{"href":"https:\/\/car-2.de\/shop\/wp-json\/wp\/v2\/product\/28970","targetHints":{"allow":["GET"]}}],"collection":[{"href":"https:\/\/car-2.de\/shop\/wp-json\/wp\/v2\/product"}],"about":[{"href":"https:\/\/car-2.de\/shop\/wp-json\/wp\/v2\/types\/product"}],"replies":[{"embeddable":true,"href":"https:\/\/car-2.de\/shop\/wp-json\/wp\/v2\/comments?post=28970"}],"wp:featuredmedia":[{"embeddable":true,"href":"https:\/\/car-2.de\/shop\/wp-json\/wp\/v2\/media\/45259"}],"wp:attachment":[{"href":"https:\/\/car-2.de\/shop\/wp-json\/wp\/v2\/media?parent=28970"}],"wp:term":[{"taxonomy":"product_brand","embeddable":true,"href":"https:\/\/car-2.de\/shop\/wp-json\/wp\/v2\/product_brand?post=28970"},{"taxonomy":"product_cat","embeddable":true,"href":"https:\/\/car-2.de\/shop\/wp-json\/wp\/v2\/product_cat?post=28970"},{"taxonomy":"product_tag","embeddable":true,"href":"https:\/\/car-2.de\/shop\/wp-json\/wp\/v2\/product_tag?post=28970"}],"curies":[{"name":"wp","href":"https:\/\/api.w.org\/{rel}","templated":true}]}}

Rückleuchten Set BMW 3er Limo Typ E46  98-01 weiß/rot

<p>für Baujahr: 1998 bis 2001Farbe: weiß/rotmit E Prüfzeichen (eintragungsfrei)Rückleuchten BMW 3er E46inkl. Kabelstrang1 Set bestehend aus 2 Rückleuchten Crystal Designfür Baujahr: 1998 bis 2001Farbe: weiß/rotmit E Prüfzeichen (eintragungsfrei)Rückleuchten BMW 3er E46inkl. Kabelstrang1 Set bestehend aus 2 Rückleuchten Crystal Design</p>
