{"id":28878,"date":"2021-09-09T21:54:08","date_gmt":"2021-09-09T19:54:08","guid":{"rendered":"http:\/\/automotive.system199.de\/shop\/produkt\/daempferpatrone-ersatzteil-gewindefahrwerk-sportfahrwerk-4\/"},"modified":"2025-01-09T22:32:14","modified_gmt":"2025-01-09T21:32:14","slug":"daempferpatrone-ersatzteil-gewindefahrwerk-sportfahrwerk-4","status":"publish","type":"product","link":"https:\/\/car-2.de\/shop\/produkt\/daempferpatrone-ersatzteil-gewindefahrwerk-sportfahrwerk-4\/","title":{"rendered":"D\u00e4mpferpatrone Ersatzteil &#8211; Gewindefahrwerk &#8211; Sportfahrwerk"},"content":{"rendered":"<p>Wir m\u00f6chten, dass unsere Kunden mit dem Kauf von Artikeln aus unserem Haus rundum zufrieden sind. Deshalb ist es uns auch wichtig Ihnen die passenden Ersatzteile zu den bei uns gekauften Produkten anbieten zu k\u00f6nnen. Insbesondere im Falle eines Unfalls oder beim Diebstahl von Teilen kann dies von N\u00f6ten sein. In unserem Online Shop f\u00fcr Tuning und sportliches Autozubeh\u00f6r k\u00f6nnen Sie unter anderem Einzelteile zu Ihrem Gewindefahrwerk bestellen. Von Feststellringen, \u00fcber Pendelst\u00fctzen bis zu D\u00e4mpferpatronen k\u00f6nnen wir Ihnen ein gro\u00dfes Angebot an Ersatzteilen f\u00fcr Ihr Gewindefahrwerk anbieten. Unsere Spezial D\u00e4mpfer aus dem Hause Koni sind mit ihrer hohen Qualit\u00e4t, ihrer guten Verarbeitung und ihrer Passgenauigkeit bestens auf die Anforderungen unserer Gewindefahrwerke abgestimmt. Wir bieten Ihnen au\u00dferdem passende D\u00e4mpferpatronen an, diese werden ebenfalls in bester Qualit\u00e4t geliefert. Die Hauptfedern Ihres Gewindefahrwerks k\u00f6nnen Sie ebenfalls einzeln nachbestellen. Um die f\u00fcr Ihr Gewindefahrwerk passenden Einzelteile zu erhalten, geben Sie bei Ihrer Bestellung bitte die FK Bestellnummer Ihres Gewindefahrwerks mit an. Falls Sie noch Fragen haben sollten, so verwenden Sie bitte das Kontaktformular auf unserer Homepage und schreiben uns unter Nennung des Produktionsdatums Ihres Gewindefahrwerks. Unsere Experten werden versuchen Ihnen so schnell wie m\u00f6glich Antworten auf Ihre Fragen zu geben. Bei Interesse an weiteren Einzel- und Ersatzteilen f\u00fcr verschiedene Fahrzeugbereiche, sehen Sie sich in unserem Online Shop um, denn hier finden Sie, dank unserer gro\u00dfen Auswahl, bestimmt das Richtige. Auch in allen anderen Tuning Bereichen k\u00f6nnen wir Ihnen mit unserem breit gef\u00e4cherten Sortiment eine Vielzahl an Artikeln anbieten. Schauen Sie vorbei und \u00fcberzeugen Sie sich selbst.<\/p>\n","protected":false},"excerpt":{"rendered":"<ul>\n<li>Ersatzteil D\u00e4mpferpatrone<\/li>\n<li>Hohe Qualit\u00e4t<\/li>\n<li>Top Verarbeitung<\/li>\n<li>F\u00fcr Gewindefahrwerke<\/li>\n<\/ul>\n","protected":false},"featured_media":28879,"comment_status":"closed","ping_status":"open","template":"","meta":[],"product_brand":[],"product_cat":[641,642],"product_tag":[],"class_list":{"0":"post-28878","1":"product","2":"type-product","3":"status-publish","4":"has-post-thumbnail","6":"product_cat-fahrwerk-tuning","7":"product_cat-fahrwerk-zubehoer","9":"first","10":"instock","11":"taxable","12":"shipping-taxable","13":"purchasable","14":"product-type-simple"},"_links":{"self":[{"href":"https:\/\/car-2.de\/shop\/wp-json\/wp\/v2\/product\/28878","targetHints":{"allow":["GET"]}}],"collection":[{"href":"https:\/\/car-2.de\/shop\/wp-json\/wp\/v2\/product"}],"about":[{"href":"https:\/\/car-2.de\/shop\/wp-json\/wp\/v2\/types\/product"}],"replies":[{"embeddable":true,"href":"https:\/\/car-2.de\/shop\/wp-json\/wp\/v2\/comments?post=28878"}],"wp:featuredmedia":[{"embeddable":true,"href":"https:\/\/car-2.de\/shop\/wp-json\/wp\/v2\/media\/28879"}],"wp:attachment":[{"href":"https:\/\/car-2.de\/shop\/wp-json\/wp\/v2\/media?parent=28878"}],"wp:term":[{"taxonomy":"product_brand","embeddable":true,"href":"https:\/\/car-2.de\/shop\/wp-json\/wp\/v2\/product_brand?post=28878"},{"taxonomy":"product_cat","embeddable":true,"href":"https:\/\/car-2.de\/shop\/wp-json\/wp\/v2\/product_cat?post=28878"},{"taxonomy":"product_tag","embeddable":true,"href":"https:\/\/car-2.de\/shop\/wp-json\/wp\/v2\/product_tag?post=28878"}],"curies":[{"name":"wp","href":"https:\/\/api.w.org\/{rel}","templated":true}]}}