{"id":28709,"date":"2025-01-02T01:58:34","date_gmt":"2025-01-02T00:58:34","guid":{"rendered":"http:\/\/automotive.system199.de\/shop\/produkt\/rueckleuchten-set-audi-a6-limo-typ-4b-97-03-rot-weiss\/"},"modified":"2025-01-02T01:58:34","modified_gmt":"2025-01-02T00:58:34","slug":"rueckleuchten-set-audi-a6-limo-typ-4b-97-03-rot-weiss","status":"publish","type":"product","link":"https:\/\/car-2.de\/shop\/produkt\/rueckleuchten-set-audi-a6-limo-typ-4b-97-03-rot-weiss\/","title":{"rendered":"R\u00fcckleuchten Set Audi A6 Limo Typ 4B  97-03 rot\/wei\u00df"},"content":{"rendered":"<p><span style=\"display: inline-block; width: 0px; overflow: hidden; line-height: 0;\" data-mce-type=\"bookmark\" class=\"mce_SELRES_start\">\ufeff<\/span><\/p>\n","protected":false},"excerpt":{"rendered":"<p>f\u00fcr Baujahr: 1997 bis 2003Farbe: rot\/wei\u00dfmit E Pr\u00fcfzeichen (eintragungsfrei)R\u00fcckleuchten Audi A6 C5 4Binkl. Kabelstrang1 Set bestehend aus 2 R\u00fcckleuchteneinfache Montagebeste VerarbeitungCrystal Designf\u00fcr Baujahr: 1997 bis 2003Farbe: rot\/wei\u00dfmit E Pr\u00fcfzeichen (eintragungsfrei)R\u00fcckleuchten Audi A6 C5 4Binkl. Kabelstrang1 Set bestehend aus 2 R\u00fcckleuchteneinfache Montagebeste VerarbeitungCrystal Design<\/p>\n","protected":false},"featured_media":45035,"comment_status":"closed","ping_status":"open","template":"","meta":[],"product_brand":[],"product_cat":[633,640],"product_tag":[],"class_list":{"0":"post-28709","1":"product","2":"type-product","3":"status-publish","4":"has-post-thumbnail","6":"product_cat-beleuchtung-tuning","7":"product_cat-rueckleuchten","8":"pa_kfz-hersteller-audi","9":"pa_kfz-modell-a6-c5-4b","11":"first","12":"instock","13":"purchasable","14":"product-type-simple"},"_links":{"self":[{"href":"https:\/\/car-2.de\/shop\/wp-json\/wp\/v2\/product\/28709","targetHints":{"allow":["GET"]}}],"collection":[{"href":"https:\/\/car-2.de\/shop\/wp-json\/wp\/v2\/product"}],"about":[{"href":"https:\/\/car-2.de\/shop\/wp-json\/wp\/v2\/types\/product"}],"replies":[{"embeddable":true,"href":"https:\/\/car-2.de\/shop\/wp-json\/wp\/v2\/comments?post=28709"}],"wp:featuredmedia":[{"embeddable":true,"href":"https:\/\/car-2.de\/shop\/wp-json\/wp\/v2\/media\/45035"}],"wp:attachment":[{"href":"https:\/\/car-2.de\/shop\/wp-json\/wp\/v2\/media?parent=28709"}],"wp:term":[{"taxonomy":"product_brand","embeddable":true,"href":"https:\/\/car-2.de\/shop\/wp-json\/wp\/v2\/product_brand?post=28709"},{"taxonomy":"product_cat","embeddable":true,"href":"https:\/\/car-2.de\/shop\/wp-json\/wp\/v2\/product_cat?post=28709"},{"taxonomy":"product_tag","embeddable":true,"href":"https:\/\/car-2.de\/shop\/wp-json\/wp\/v2\/product_tag?post=28709"}],"curies":[{"name":"wp","href":"https:\/\/api.w.org\/{rel}","templated":true}]}}