{"id":27432,"date":"2025-01-02T01:53:30","date_gmt":"2025-01-02T00:53:30","guid":{"rendered":"http:\/\/automotive.system199.de\/shop\/produkt\/verschleissteile-scheinwerfer-rechts-opel-vectra-a-95-99\/"},"modified":"2025-01-02T01:53:36","modified_gmt":"2025-01-02T00:53:36","slug":"verschleissteile-scheinwerfer-rechts-opel-vectra-a-95-99","status":"publish","type":"product","link":"https:\/\/car-2.de\/shop\/produkt\/verschleissteile-scheinwerfer-rechts-opel-vectra-a-95-99\/","title":{"rendered":"Verschlei\u00dfteile Scheinwerfer rechts Opel Vectra A  95-99"},"content":{"rendered":"<p><span style=\"display: inline-block; width: 0px; overflow: hidden; line-height: 0;\" data-mce-type=\"bookmark\" class=\"mce_SELRES_start\">\ufeff<\/span><\/p>\n","protected":false},"excerpt":{"rendered":"<p>f\u00fcr Opel Vectra Af\u00fcr Baujahr: 1995 bis 1999mit E Pr\u00fcfzeichen (eintragungsfrei)rechts \/ BeifahrerseiteZubeh\u00f6r Scheinwerferoriginal Lookeinfache Montagetop Verarbeitungf\u00fcr Opel Vectra Af\u00fcr Baujahr: 1995 bis 1999mit E Pr\u00fcfzeichen (eintragungsfrei)rechts \/ BeifahrerseiteZubeh\u00f6r Scheinwerferoriginal Lookeinfache Montagetop Verarbeitung<\/p>\n","protected":false},"featured_media":43915,"comment_status":"closed","ping_status":"open","template":"","meta":[],"product_brand":[],"product_cat":[633,634],"product_tag":[],"class_list":{"0":"post-27432","1":"product","2":"type-product","3":"status-publish","4":"has-post-thumbnail","6":"product_cat-beleuchtung-tuning","7":"product_cat-scheinwerfer","8":"pa_kfz-hersteller-opel","9":"pa_kfz-modell-vectra-b","11":"first","12":"instock","13":"purchasable","14":"product-type-simple"},"_links":{"self":[{"href":"https:\/\/car-2.de\/shop\/wp-json\/wp\/v2\/product\/27432","targetHints":{"allow":["GET"]}}],"collection":[{"href":"https:\/\/car-2.de\/shop\/wp-json\/wp\/v2\/product"}],"about":[{"href":"https:\/\/car-2.de\/shop\/wp-json\/wp\/v2\/types\/product"}],"replies":[{"embeddable":true,"href":"https:\/\/car-2.de\/shop\/wp-json\/wp\/v2\/comments?post=27432"}],"wp:featuredmedia":[{"embeddable":true,"href":"https:\/\/car-2.de\/shop\/wp-json\/wp\/v2\/media\/43915"}],"wp:attachment":[{"href":"https:\/\/car-2.de\/shop\/wp-json\/wp\/v2\/media?parent=27432"}],"wp:term":[{"taxonomy":"product_brand","embeddable":true,"href":"https:\/\/car-2.de\/shop\/wp-json\/wp\/v2\/product_brand?post=27432"},{"taxonomy":"product_cat","embeddable":true,"href":"https:\/\/car-2.de\/shop\/wp-json\/wp\/v2\/product_cat?post=27432"},{"taxonomy":"product_tag","embeddable":true,"href":"https:\/\/car-2.de\/shop\/wp-json\/wp\/v2\/product_tag?post=27432"}],"curies":[{"name":"wp","href":"https:\/\/api.w.org\/{rel}","templated":true}]}}

Verschleißteile Scheinwerfer rechts Opel Vectra A  95-99

<p>für Opel Vectra Afür Baujahr: 1995 bis 1999mit E Prüfzeichen (eintragungsfrei)rechts / BeifahrerseiteZubehör Scheinwerferoriginal Lookeinfache Montagetop Verarbeitungfür Opel Vectra Afür Baujahr: 1995 bis 1999mit E Prüfzeichen (eintragungsfrei)rechts / BeifahrerseiteZubehör Scheinwerferoriginal Lookeinfache Montagetop Verarbeitung</p>
