{"id":27346,"date":"2025-01-02T01:53:23","date_gmt":"2025-01-02T00:53:23","guid":{"rendered":"http:\/\/automotive.system199.de\/shop\/produkt\/ersatzspiegelglas-race-look-links-spiegelglas-fahrerseite\/"},"modified":"2025-01-02T01:53:24","modified_gmt":"2025-01-02T00:53:24","slug":"ersatzspiegelglas-race-look-links-spiegelglas-fahrerseite","status":"publish","type":"product","link":"https:\/\/car-2.de\/shop\/produkt\/ersatzspiegelglas-race-look-links-spiegelglas-fahrerseite\/","title":{"rendered":"Ersatzspiegelglas Race-Look &#8211; links Spiegelglas Fahrerseite"},"content":{"rendered":"<p>Werten Sie Ihr Fahrzeug optisch auf, mit den Sportspiegeln aus unserem Sportspiegel-Designprogramm. Sie k\u00f6nnen unsere Sportspiegel in zehn verschiedenen Design-Linien erwerben. Die Linien Power-Style, Cult-Style, Wing-Style, Performance und Mega-Style sind in den Farben schwarz, chrom und carbon-look erh\u00e4ltlich. Die Linie Performance bieten wir au\u00dferdem in der Farbe wei\u00df an. Die Spiegel k\u00f6nnen nach Wunsch in manueller oder in elektrischer Ausf\u00fchrung bestellt werden. Zudem sind alle genannten Linien mit integriertem Blinker erh\u00e4ltlich, wobei die Performance Linie mit LED Blinkern ausgestattet ist. Die Linie Hyper-Style besticht mit ihrem eleganten und sportlichen Design. Die Blinker sind bei dieser Linie durchgehend integriert. Erh\u00e4ltlich ist sie in den Farben chrom und wei\u00df. Auf Wunsch sind die Sportspiegel elektrisch verstellbar. Unsere Sportspiegel im Racecar- und im Race-Look geben Ihnen durch ihre Tropfenform auf allen Stra\u00dfen das gewisse Rennfeeling. Man kann diese beiden Linien in den Farben schwarz, wei\u00df, chrom und carbon-look erhalten. Mit unseren Sportspiegeln im Classic-Style liegen Sie genau richtig, wenn Sie den klassischen und schlichten Look bevorzugen. Sie k\u00f6nnen sie in den Farben schwarz, chrom und carbon-look bestellen. Die Sportspiegel im Speed-Look erhalten ihr besonderes Design durch ihre schlanke und dennoch sportliche Form. Sie sind in den Farben schwarz und chrom, in manueller oder elektrischer Ausf\u00fchrung und mit oder ohne integriertem LED Blinker erh\u00e4ltlich. Alle unsere Sportspiegel sind f\u00fcr verschiedene Automarken und Fahrzeughersteller universell anwendbar. Die hohe Passgenauigkeit unserer Sportspiegel erleichtert Ihnen die Montage. F\u00fcr den Fall, dass sie f\u00fcr Ihren Spiegel ein Ersatz Spiegelglas ben\u00f6tigen, k\u00f6nnen Sie dieses nat\u00fcrlich passend f\u00fcr Ihren jeweiligen Sportspiegel in unserem Online Shop bestellen. Auch in allen anderen Bereichen des Tunings kann Ihnen unser Online Shop, mit seinem breit gef\u00e4cherten Sortiment, eine gro\u00dfe Zahl an Artikeln bieten. Schauen Sie doch einfach rein.<span style=\"display: inline-block; width: 0px; overflow: hidden; line-height: 0;\" data-mce-type=\"bookmark\" class=\"mce_SELRES_start\">\ufeff<\/span><\/p>\n","protected":false},"excerpt":{"rendered":"<p>Race-LooklinksTop Qualit\u00e4tPassgenauRace-LooklinksTop Qualit\u00e4tPassgenau<\/p>\n","protected":false},"featured_media":43814,"comment_status":"closed","ping_status":"open","template":"","meta":[],"product_brand":[],"product_cat":[637,660],"product_tag":[],"class_list":{"0":"post-27346","1":"product","2":"type-product","3":"status-publish","4":"has-post-thumbnail","6":"product_cat-sale","7":"product_cat-sportspiegel","8":"pa_kfz-hersteller-universal","9":"pa_kfz-modell-universal","11":"first","12":"instock","13":"purchasable","14":"product-type-simple"},"_links":{"self":[{"href":"https:\/\/car-2.de\/shop\/wp-json\/wp\/v2\/product\/27346","targetHints":{"allow":["GET"]}}],"collection":[{"href":"https:\/\/car-2.de\/shop\/wp-json\/wp\/v2\/product"}],"about":[{"href":"https:\/\/car-2.de\/shop\/wp-json\/wp\/v2\/types\/product"}],"replies":[{"embeddable":true,"href":"https:\/\/car-2.de\/shop\/wp-json\/wp\/v2\/comments?post=27346"}],"wp:featuredmedia":[{"embeddable":true,"href":"https:\/\/car-2.de\/shop\/wp-json\/wp\/v2\/media\/43814"}],"wp:attachment":[{"href":"https:\/\/car-2.de\/shop\/wp-json\/wp\/v2\/media?parent=27346"}],"wp:term":[{"taxonomy":"product_brand","embeddable":true,"href":"https:\/\/car-2.de\/shop\/wp-json\/wp\/v2\/product_brand?post=27346"},{"taxonomy":"product_cat","embeddable":true,"href":"https:\/\/car-2.de\/shop\/wp-json\/wp\/v2\/product_cat?post=27346"},{"taxonomy":"product_tag","embeddable":true,"href":"https:\/\/car-2.de\/shop\/wp-json\/wp\/v2\/product_tag?post=27346"}],"curies":[{"name":"wp","href":"https:\/\/api.w.org\/{rel}","templated":true}]}}